Last updated on 2023-09-23 12:57:47 CEST.
Flavor | Version | Tinstall | Tcheck | Ttotal | Status | Flags |
---|---|---|---|---|---|---|
r-devel-linux-x86_64-debian-clang | 0.2.12 | 159.26 | 129.88 | 289.14 | NOTE | |
r-devel-linux-x86_64-debian-gcc | 0.2.12 | 104.79 | 97.42 | 202.21 | NOTE | |
r-devel-linux-x86_64-fedora-clang | 0.2.12 | 440.09 | NOTE | |||
r-devel-linux-x86_64-fedora-gcc | 0.2.12 | 401.04 | NOTE | |||
r-devel-windows-x86_64 | 0.2.12 | 118.00 | 142.00 | 260.00 | NOTE | |
r-patched-linux-x86_64 | 0.2.12 | 153.71 | 126.33 | 280.04 | NOTE | |
r-release-linux-x86_64 | 0.2.12 | 149.82 | 126.80 | 276.62 | NOTE | |
r-release-macos-arm64 | 0.2.12 | 91.00 | NOTE | |||
r-release-macos-x86_64 | 0.2.12 | 162.00 | NOTE | |||
r-release-windows-x86_64 | 0.2.12 | 152.00 | 161.00 | 313.00 | NOTE | |
r-oldrel-macos-arm64 | 0.2.12 | 103.00 | OK | |||
r-oldrel-macos-x86_64 | 0.2.12 | 120.00 | OK | |||
r-oldrel-windows-x86_64 | 0.2.12 | 150.00 | 149.00 | 299.00 | OK |
Version: 0.2.12
Check: C++ specification
Result: NOTE
Specified C++11: please drop specification unless essential
Flavors: r-devel-linux-x86_64-debian-clang, r-devel-linux-x86_64-debian-gcc, r-devel-linux-x86_64-fedora-clang, r-devel-linux-x86_64-fedora-gcc, r-devel-windows-x86_64, r-patched-linux-x86_64, r-release-linux-x86_64, r-release-macos-arm64, r-release-macos-x86_64, r-release-windows-x86_64