Last updated on 2024-04-20 03:53:12 CEST.
Flavor | Version | Tinstall | Tcheck | Ttotal | Status | Flags |
---|---|---|---|---|---|---|
r-devel-linux-x86_64-debian-clang | 1.0.0 | 1.20 | 2.10 | 3.30 | ERROR | |
r-devel-linux-x86_64-debian-gcc | 1.0.0 | OK | ||||
r-devel-linux-x86_64-fedora-clang | 1.0.0 | 255.05 | OK | |||
r-devel-linux-x86_64-fedora-gcc | 1.0.0 | 274.36 | OK | |||
r-prerel-macos-arm64 | 1.0.0 | 89.00 | OK | |||
r-prerel-macos-x86_64 | 1.0.0 | 187.00 | OK | |||
r-prerel-windows-x86_64 | 1.0.0 | 8.00 | 184.00 | 192.00 | OK | |
r-patched-linux-x86_64 | 1.0.0 | 3.99 | 198.69 | 202.68 | OK | |
r-release-linux-x86_64 | 1.0.0 | 2.88 | 189.42 | 192.30 | OK | |
r-release-macos-arm64 | 1.0.0 | 96.00 | OK | |||
r-release-macos-x86_64 | 1.0.0 | 192.00 | OK | |||
r-release-windows-x86_64 | 1.0.0 | 7.00 | 209.00 | 216.00 | OK | |
r-oldrel-macos-arm64 | 1.0.0 | 203.00 | OK | |||
r-oldrel-windows-x86_64 | 1.0.0 | 7.00 | 219.00 | 226.00 | OK |
Version: 1.0.0
Check: package dependencies
Result: ERROR
Packages required but not available: 'GenomicRanges', 'Rsamtools'
See section ‘The DESCRIPTION file’ in the ‘Writing R Extensions’
manual.
Flavor: r-devel-linux-x86_64-debian-clang