Last updated on 2025-02-01 12:48:33 CET.
Flavor | Version | Tinstall | Tcheck | Ttotal | Status | Flags |
---|---|---|---|---|---|---|
r-devel-linux-x86_64-debian-clang | 1.1.0 | 2.07 | 20.90 | 22.97 | OK | |
r-devel-linux-x86_64-debian-gcc | 1.1.0 | 1.67 | 17.04 | 18.71 | OK | |
r-devel-linux-x86_64-fedora-clang | 1.1.0 | 37.49 | OK | |||
r-devel-linux-x86_64-fedora-gcc | 1.1.0 | 34.28 | OK | |||
r-devel-windows-x86_64 | 1.1.0 | 4.00 | 53.00 | 57.00 | OK | |
r-patched-linux-x86_64 | 1.1.0 | 1.93 | 19.82 | 21.75 | NOTE | |
r-release-linux-x86_64 | 1.1.0 | 1.85 | 19.65 | 21.50 | NOTE | |
r-release-macos-arm64 | 1.1.0 | 16.00 | NOTE | |||
r-release-macos-x86_64 | 1.1.0 | 28.00 | NOTE | |||
r-release-windows-x86_64 | 1.1.0 | 3.00 | 43.00 | 46.00 | NOTE | |
r-oldrel-macos-arm64 | 1.1.0 | 16.00 | NOTE | |||
r-oldrel-macos-x86_64 | 1.1.0 | 22.00 | NOTE | |||
r-oldrel-windows-x86_64 | 1.1.0 | 3.00 | 46.00 | 49.00 | NOTE |
Version: 1.1.0
Check: LazyData
Result: NOTE
'LazyData' is specified without a 'data' directory
Flavors: r-patched-linux-x86_64, r-release-linux-x86_64, r-release-macos-arm64, r-release-macos-x86_64, r-release-windows-x86_64, r-oldrel-macos-arm64, r-oldrel-macos-x86_64, r-oldrel-windows-x86_64