Last updated on 2023-12-06 21:54:27 CET.
Flavor | Version | Tinstall | Tcheck | Ttotal | Status | Flags |
---|---|---|---|---|---|---|
r-devel-linux-x86_64-debian-clang | 1.0.2 | 27.52 | 254.71 | 282.23 | NOTE | |
r-devel-linux-x86_64-debian-gcc | 1.0.2 | 20.57 | 189.54 | 210.11 | NOTE | |
r-devel-linux-x86_64-fedora-clang | 1.0.2 | 240.62 | OK | |||
r-devel-linux-x86_64-fedora-gcc | 1.0.2 | 253.33 | OK | |||
r-devel-windows-x86_64 | 1.0.2 | 23.00 | 213.00 | 236.00 | OK | |
r-patched-linux-x86_64 | 1.0.2 | 19.11 | 238.46 | 257.57 | OK | |
r-release-linux-x86_64 | 1.0.2 | 18.90 | 236.25 | 255.15 | OK | |
r-release-macos-arm64 | 1.0.2 | 98.00 | OK | |||
r-release-macos-x86_64 | 1.0.2 | 180.00 | OK | |||
r-release-windows-x86_64 | 1.0.2 | 31.00 | 269.00 | 300.00 | OK | |
r-oldrel-macos-arm64 | 1.0.2 | 93.00 | OK | |||
r-oldrel-macos-x86_64 | 1.0.2 | 116.00 | OK | |||
r-oldrel-windows-x86_64 | 1.0.2 | 30.00 | 247.00 | 277.00 | OK |
Version: 1.0.2
Check: Rd files
Result: NOTE
checkRd: (-1) imp_int_an.Rd:24: Lost braces in \itemize; meant \describe ?
checkRd: (-1) imp_int_an.Rd:25: Lost braces in \itemize; meant \describe ?
checkRd: (-1) plot.ndmodel.Rd:16: Lost braces in \itemize; meant \describe ?
checkRd: (-1) plot.ndmodel.Rd:17: Lost braces in \itemize; meant \describe ?
checkRd: (-1) plot.ndmodel.Rd:18: Lost braces in \itemize; meant \describe ?
Flavors: r-devel-linux-x86_64-debian-clang, r-devel-linux-x86_64-debian-gcc