Last updated on 2024-04-30 21:50:19 CEST.
Flavor | Version | Tinstall | Tcheck | Ttotal | Status | Flags |
---|---|---|---|---|---|---|
r-devel-linux-x86_64-debian-clang | 1.0.2 | 24.02 | 251.62 | 275.64 | NOTE | |
r-devel-linux-x86_64-debian-gcc | 1.0.2 | 20.98 | 181.72 | 202.70 | NOTE | |
r-devel-linux-x86_64-fedora-clang | 1.0.2 | 345.71 | NOTE | |||
r-devel-linux-x86_64-fedora-gcc | 1.0.2 | 344.25 | NOTE | |||
r-devel-windows-x86_64 | 1.0.2 | 22.00 | 207.00 | 229.00 | NOTE | |
r-patched-linux-x86_64 | 1.0.2 | 20.47 | 237.70 | 258.17 | NOTE | |
r-release-linux-x86_64 | 1.0.2 | 16.79 | 234.47 | 251.26 | NOTE | |
r-release-macos-arm64 | 1.0.2 | 87.00 | NOTE | |||
r-release-windows-x86_64 | 1.0.2 | 22.00 | 211.00 | 233.00 | NOTE | |
r-oldrel-macos-arm64 | 1.0.2 | 98.00 | OK | |||
r-oldrel-macos-x86_64 | 1.0.2 | 180.00 | OK | |||
r-oldrel-windows-x86_64 | 1.0.2 | 32.00 | 251.00 | 283.00 | OK |
Version: 1.0.2
Check: Rd files
Result: NOTE
checkRd: (-1) imp_int_an.Rd:24: Lost braces in \itemize; meant \describe ?
checkRd: (-1) imp_int_an.Rd:25: Lost braces in \itemize; meant \describe ?
checkRd: (-1) plot.ndmodel.Rd:16: Lost braces in \itemize; meant \describe ?
checkRd: (-1) plot.ndmodel.Rd:17: Lost braces in \itemize; meant \describe ?
checkRd: (-1) plot.ndmodel.Rd:18: Lost braces in \itemize; meant \describe ?
Flavors: r-devel-linux-x86_64-debian-clang, r-devel-linux-x86_64-debian-gcc, r-devel-linux-x86_64-fedora-clang, r-devel-linux-x86_64-fedora-gcc, r-devel-windows-x86_64, r-patched-linux-x86_64, r-release-linux-x86_64, r-release-macos-arm64, r-release-windows-x86_64