CRAN Package Check Results for Package noaaoceans

Last updated on 2022-10-06 21:49:59 CEST.

Flavor Version Tinstall Tcheck Ttotal Status Flags
r-devel-linux-x86_64-debian-clang 0.3.0 2.72 35.17 37.89 ERROR
r-devel-linux-x86_64-debian-gcc 0.3.0 1.81 26.71 28.52 OK
r-devel-linux-x86_64-fedora-clang 0.3.0 58.16 OK
r-devel-linux-x86_64-fedora-gcc 0.3.0 58.30 OK
r-devel-windows-x86_64 0.3.0 113.00 78.00 191.00 OK
r-patched-linux-x86_64 0.3.0 2.28 33.71 35.99 OK
r-release-linux-x86_64 0.3.0 2.15 33.20 35.35 OK
r-release-macos-arm64 0.3.0 27.00 OK
r-release-macos-x86_64 0.3.0 37.00 OK
r-release-windows-x86_64 0.3.0 44.00 72.00 116.00 OK
r-oldrel-macos-arm64 0.3.0 35.00 OK
r-oldrel-macos-x86_64 0.3.0 44.00 OK
r-oldrel-windows-ix86+x86_64 0.3.0 6.00 65.00 71.00 OK

Check Details

Version: 0.3.0
Check: tests
Result: ERROR
     Running 'testthat.R' [2s/19s]
    Running the tests in 'tests/testthat.R' failed.
    Complete output:
     > library(testthat)
     > library(noaaoceans)
     >
     > test_check("noaaoceans")
     [ FAIL 1 | WARN 0 | SKIP 10 | PASS 18 ]
    
     == Skipped tests ===============================================================
     * On CRAN (8)
     * Skipping until I can find a station with a notice (2)
    
     == Failed tests ================================================================
     -- Error (test_query_metadata.R:19:5): Data Frame is Returned for Superseded datums Resource Call --
     <http_504/http_500/http_error/error/condition>
     Error in `query_metadata("1611347", "supersededdatums")`: Gateway Timeout (HTTP 504).
     Backtrace:
     x
     1. +-testthat::expect_is(...) at test_query_metadata.R:19:4
     2. | \-testthat::quasi_label(enquo(object), label, arg = "object")
     3. | \-rlang::eval_bare(expr, quo_get_env(quo))
     4. \-noaaoceans::query_metadata("1611347", "supersededdatums")
     5. \-httr::stop_for_status(api_response)
    
     [ FAIL 1 | WARN 0 | SKIP 10 | PASS 18 ]
     Error: Test failures
     Execution halted
Flavor: r-devel-linux-x86_64-debian-clang