Last updated on 2024-03-29 12:54:11 CET.
Flavor | Version | Tinstall | Tcheck | Ttotal | Status | Flags |
---|---|---|---|---|---|---|
r-devel-linux-x86_64-debian-clang | 1.2.0 | 17.05 | 687.85 | 704.90 | NOTE | |
r-devel-linux-x86_64-debian-gcc | 1.2.0 | 13.39 | 552.50 | 565.89 | NOTE | |
r-devel-linux-x86_64-fedora-clang | 1.2.0 | 902.28 | NOTE | |||
r-devel-linux-x86_64-fedora-gcc | 1.2.0 | 880.83 | NOTE | |||
r-devel-windows-x86_64 | 1.2.0 | 14.00 | 782.00 | 796.00 | NOTE | |
r-patched-linux-x86_64 | 1.2.0 | 17.45 | 695.41 | 712.86 | NOTE | |
r-release-linux-x86_64 | 1.2.0 | 13.08 | 673.54 | 686.62 | OK | |
r-release-macos-arm64 | 1.2.0 | 283.00 | OK | |||
r-release-macos-x86_64 | 1.2.0 | 820.00 | OK | |||
r-release-windows-x86_64 | 1.2.0 | 17.00 | 763.00 | 780.00 | OK | |
r-oldrel-macos-arm64 | 1.2.0 | 420.00 | OK | |||
r-oldrel-windows-x86_64 | 1.2.0 | 17.00 | 763.00 | 780.00 | OK |
Version: 1.2.0
Check: Rd files
Result: NOTE
checkRd: (-1) GabrielNMF.Rd:23: Lost braces; missing escapes or markup?
23 | The number of low-dimension (J < {N, M}).
| ^
checkRd: (-1) NMF.Rd:71: Lost braces; missing escapes or markup?
71 | The number of low-dimension (J < {N, M}). If a numerical vector is specified
| ^
checkRd: (-1) NMF.Rd:119: Lost braces; missing escapes or markup?
119 | U : A matrix which has N-rows and J-columns (J < {N, M}).
| ^
checkRd: (-1) NMF.Rd:120: Lost braces; missing escapes or markup?
120 | V : A matrix which has M-rows and J-columns (J < {N, M}).
| ^
checkRd: (-1) NMF.Rd:121: Lost braces; missing escapes or markup?
121 | J : The number of dimension (J < {N, M}).
| ^
Flavors: r-devel-linux-x86_64-debian-clang, r-devel-linux-x86_64-debian-gcc, r-devel-linux-x86_64-fedora-clang, r-devel-linux-x86_64-fedora-gcc, r-devel-windows-x86_64, r-patched-linux-x86_64