Last updated on 2023-11-29 05:52:25 CET.
Flavor | Version | Tinstall | Tcheck | Ttotal | Status | Flags |
---|---|---|---|---|---|---|
r-devel-linux-x86_64-debian-clang | 1.4.4 | 18.80 | 69.16 | 87.96 | WARN | |
r-devel-linux-x86_64-debian-gcc | 1.4.4 | 14.38 | 53.49 | 67.87 | WARN | |
r-devel-linux-x86_64-fedora-clang | 1.4.4 | 115.31 | WARN | |||
r-devel-linux-x86_64-fedora-gcc | 1.4.4 | 114.61 | WARN | |||
r-devel-windows-x86_64 | 1.4.4 | 20.00 | 91.00 | 111.00 | WARN | |
r-patched-linux-x86_64 | 1.4.4 | 18.61 | 68.82 | 87.43 | NOTE | |
r-release-linux-x86_64 | 1.4.4 | 19.43 | 67.40 | 86.83 | NOTE | |
r-release-macos-arm64 | 1.4.4 | 37.00 | NOTE | |||
r-release-macos-x86_64 | 1.4.4 | 60.00 | NOTE | |||
r-release-windows-x86_64 | 1.4.4 | 24.00 | 101.00 | 125.00 | NOTE | |
r-oldrel-macos-arm64 | 1.4.4 | 38.00 | OK | |||
r-oldrel-macos-x86_64 | 1.4.4 | 48.00 | OK | |||
r-oldrel-windows-x86_64 | 1.4.4 | 22.00 | 100.00 | 122.00 | OK |
Version: 1.4.4
Check: whether package can be installed
Result: WARN
Found the following significant warnings:
./Rostream.h:35:15: warning: field precision should have type 'int', but argument has type 'std::streamsize' (aka 'long') [-Wformat]
./Rostream.h:39:16: warning: field precision should have type 'int', but argument has type 'std::streamsize' (aka 'long') [-Wformat]
./Rostream.h:44:34: warning: format specifies type 'char *' but the argument has type 'int *' [-Wformat]
./Rostream.h:48:35: warning: format specifies type 'char *' but the argument has type 'int *' [-Wformat]
See ‘/home/hornik/tmp/R.check/r-devel-clang/Work/PKGS/nltm.Rcheck/00install.out’ for details.
* used C compiler: ‘Debian clang version 17.0.5 (1)’
* used C++ compiler: ‘Debian clang version 17.0.5 (1)’
Flavor: r-devel-linux-x86_64-debian-clang
Version: 1.4.4
Check: Rd files
Result: NOTE
checkRd: (-1) nltm.control.Rd:29: Escaped LaTeX specials: \$
checkRd: (-1) nltm.object.Rd:93: Lost braces; missing escapes or markup?
93 | The object will also contain the following, for documentation see the {lm}
| ^
Flavors: r-devel-linux-x86_64-debian-clang, r-devel-linux-x86_64-debian-gcc
Version: 1.4.4
Check: whether package can be installed
Result: WARN
Found the following significant warnings:
Rostream.h:35:15: warning: field precision specifier ‘.*’ expects argument of type ‘int’, but argument 2 has type ‘std::streamsize’ {aka ‘long int’} [-Wformat=]
Rostream.h:39:16: warning: field precision specifier ‘.*’ expects argument of type ‘int’, but argument 2 has type ‘std::streamsize’ {aka ‘long int’} [-Wformat=]
Rostream.h:44:30: warning: format ‘%s’ expects argument of type ‘char*’, but argument 2 has type ‘int*’ [-Wformat=]
Rostream.h:48:31: warning: format ‘%s’ expects argument of type ‘char*’, but argument 2 has type ‘int*’ [-Wformat=]
See ‘/home/hornik/tmp/R.check/r-devel-gcc/Work/PKGS/nltm.Rcheck/00install.out’ for details.
* used C compiler: ‘gcc-13 (Debian 13.2.0-5) 13.2.0’
* used C++ compiler: ‘g++-13 (Debian 13.2.0-5) 13.2.0’
Flavor: r-devel-linux-x86_64-debian-gcc
Version: 1.4.4
Check: whether package can be installed
Result: WARN
Found the following significant warnings:
./Rostream.h:35:15: warning: field precision should have type 'int', but argument has type 'std::streamsize' (aka 'long') [-Wformat]
./Rostream.h:39:16: warning: field precision should have type 'int', but argument has type 'std::streamsize' (aka 'long') [-Wformat]
./Rostream.h:44:34: warning: format specifies type 'char *' but the argument has type 'int *' [-Wformat]
./Rostream.h:48:35: warning: format specifies type 'char *' but the argument has type 'int *' [-Wformat]
See ‘/data/gannet/ripley/R/packages/tests-clang/nltm.Rcheck/00install.out’ for details.
* used C compiler: ‘clang version 17.0.5’
* used C++ compiler: ‘clang version 17.0.5’
Flavor: r-devel-linux-x86_64-fedora-clang
Version: 1.4.4
Check: Rd files
Result: NOTE
checkRd: (-1) nltm.control.Rd:29: Escaped LaTeX specials: \$
Flavors: r-devel-linux-x86_64-fedora-clang, r-devel-linux-x86_64-fedora-gcc, r-devel-windows-x86_64, r-patched-linux-x86_64, r-release-linux-x86_64, r-release-macos-arm64, r-release-macos-x86_64, r-release-windows-x86_64
Version: 1.4.4
Check: whether package can be installed
Result: WARN
Found the following significant warnings:
Rostream.h:35:15: warning: field precision specifier '.*' expects argument of type 'int', but argument 2 has type 'std::streamsize' {aka 'long int'} [-Wformat=]
Rostream.h:39:16: warning: field precision specifier '.*' expects argument of type 'int', but argument 2 has type 'std::streamsize' {aka 'long int'} [-Wformat=]
Rostream.h:44:30: warning: format '%s' expects argument of type 'char*', but argument 2 has type 'int*' [-Wformat=]
Rostream.h:48:31: warning: format '%s' expects argument of type 'char*', but argument 2 has type 'int*' [-Wformat=]
See ‘/data/gannet/ripley/R/packages/tests-devel/nltm.Rcheck/00install.out’ for details.
* used C compiler: ‘gcc-13 (GCC) 13.2.0’
* used C++ compiler: ‘g++-13 (GCC) 13.2.0’
Flavor: r-devel-linux-x86_64-fedora-gcc
Version: 1.4.4
Check: whether package can be installed
Result: WARN
Found the following significant warnings:
Rostream.h:35:15: warning: field precision specifier '.*' expects argument of type 'int', but argument 2 has type 'std::streamsize' {aka 'long long int'} [-Wformat=]
Rostream.h:39:16: warning: field precision specifier '.*' expects argument of type 'int', but argument 2 has type 'std::streamsize' {aka 'long long int'} [-Wformat=]
Rostream.h:44:30: warning: format '%s' expects argument of type 'char*', but argument 2 has type 'int*' [-Wformat=]
Rostream.h:48:31: warning: format '%s' expects argument of type 'char*', but argument 2 has type 'int*' [-Wformat=]
See 'd:/Rcompile/CRANpkg/local/4.4/nltm.Rcheck/00install.out' for details.
* used C compiler: 'gcc.exe (GCC) 12.3.0'
* used C++ compiler: 'g++.exe (GCC) 12.3.0'
Flavor: r-devel-windows-x86_64