Last updated on 2024-04-30 21:50:19 CEST.
Flavor | Version | Tinstall | Tcheck | Ttotal | Status | Flags |
---|---|---|---|---|---|---|
r-devel-linux-x86_64-debian-clang | 0.8-1 | 8.09 | 56.67 | 64.76 | NOTE | |
r-devel-linux-x86_64-debian-gcc | 0.8-1 | 5.73 | 41.63 | 47.36 | NOTE | |
r-devel-linux-x86_64-fedora-clang | 0.8-1 | 78.14 | NOTE | |||
r-devel-linux-x86_64-fedora-gcc | 0.8-1 | 77.58 | NOTE | |||
r-devel-windows-x86_64 | 0.8-1 | 7.00 | 63.00 | 70.00 | NOTE | |
r-patched-linux-x86_64 | 0.8-1 | 5.86 | 54.40 | 60.26 | NOTE | |
r-release-linux-x86_64 | 0.8-1 | 5.94 | 54.24 | 60.18 | NOTE | |
r-release-macos-arm64 | 0.8-1 | 25.00 | NOTE | |||
r-release-windows-x86_64 | 0.8-1 | 6.00 | 61.00 | 67.00 | NOTE | |
r-oldrel-macos-arm64 | 0.8-1 | 28.00 | OK | |||
r-oldrel-macos-x86_64 | 0.8-1 | 58.00 | OK | |||
r-oldrel-windows-x86_64 | 0.8-1 | 8.00 | 68.00 | 76.00 | OK |
Version: 0.8-1
Check: Rd files
Result: NOTE
checkRd: (-1) anova.Rd:19: Lost braces
19 | Returns an object of class code{anova}. These objects represent
| ^
Flavors: r-devel-linux-x86_64-debian-clang, r-devel-linux-x86_64-debian-gcc, r-devel-linux-x86_64-fedora-clang, r-devel-linux-x86_64-fedora-gcc, r-devel-windows-x86_64, r-patched-linux-x86_64, r-release-linux-x86_64, r-release-macos-arm64, r-release-windows-x86_64