Last updated on 2023-12-01 12:52:27 CET.
Flavor | Version | Tinstall | Tcheck | Ttotal | Status | Flags |
---|---|---|---|---|---|---|
r-devel-linux-x86_64-debian-clang | 2.0.3 | 27.13 | 48.06 | 75.19 | NOTE | |
r-devel-linux-x86_64-debian-gcc | 2.0.3 | 24.21 | 37.27 | 61.48 | NOTE | |
r-devel-linux-x86_64-fedora-clang | 2.0.3 | 104.15 | NOTE | |||
r-devel-linux-x86_64-fedora-gcc | 2.0.3 | 118.84 | NOTE | |||
r-devel-windows-x86_64 | 2.0.3 | 25.00 | 101.00 | 126.00 | NOTE | |
r-patched-linux-x86_64 | 2.0.3 | 19.43 | 47.05 | 66.48 | NOTE | |
r-release-linux-x86_64 | 2.0.3 | 21.04 | 47.38 | 68.42 | NOTE | |
r-release-macos-arm64 | 2.0.3 | 54.00 | NOTE | |||
r-release-macos-x86_64 | 2.0.3 | 83.00 | NOTE | |||
r-release-windows-x86_64 | 2.0.3 | 33.00 | 106.00 | 139.00 | NOTE | |
r-oldrel-macos-arm64 | 2.0.3 | 53.00 | NOTE | |||
r-oldrel-macos-x86_64 | 2.0.3 | 51.00 | NOTE | |||
r-oldrel-windows-x86_64 | 2.0.3 | 31.00 | 92.00 | 123.00 | OK |
Version: 2.0.3
Check: C++ specification
Result: NOTE
Specified C++11: please drop specification unless essential
Flavors: r-devel-linux-x86_64-debian-clang, r-devel-linux-x86_64-debian-gcc, r-devel-linux-x86_64-fedora-clang, r-devel-linux-x86_64-fedora-gcc, r-devel-windows-x86_64, r-patched-linux-x86_64, r-release-linux-x86_64, r-release-macos-arm64, r-release-macos-x86_64, r-release-windows-x86_64
Version: 2.0.3
Check: installed package size
Result: NOTE
installed size is 6.5Mb
sub-directories of 1Mb or more:
libs 6.1Mb
Flavors: r-release-macos-arm64, r-release-macos-x86_64, r-oldrel-macos-arm64, r-oldrel-macos-x86_64