Last updated on 2025-05-06 06:50:01 CEST.
Flavor | Version | Tinstall | Tcheck | Ttotal | Status | Flags |
---|---|---|---|---|---|---|
r-devel-linux-x86_64-debian-clang | 3.3.5 | 7.83 | 27.56 | 35.39 | NOTE | |
r-devel-linux-x86_64-debian-gcc | 3.3.5 | 5.28 | 22.22 | 27.50 | NOTE | |
r-devel-linux-x86_64-fedora-clang | 3.3.5 | 55.84 | OK | |||
r-devel-linux-x86_64-fedora-gcc | 3.3.5 | 53.65 | OK | |||
r-devel-windows-x86_64 | 3.3.5 | 15.00 | 56.00 | 71.00 | OK | |
r-patched-linux-x86_64 | 3.3.5 | 5.47 | 26.78 | 32.25 | OK | |
r-release-linux-x86_64 | 3.3.5 | 5.15 | 26.50 | 31.65 | OK | |
r-release-macos-arm64 | 3.3.5 | 24.00 | OK | |||
r-release-macos-x86_64 | 3.3.5 | 40.00 | OK | |||
r-release-windows-x86_64 | 3.3.5 | 19.00 | 69.00 | 88.00 | OK | |
r-oldrel-macos-arm64 | 3.3.5 | 28.00 | OK | |||
r-oldrel-macos-x86_64 | 3.3.5 | 42.00 | OK | |||
r-oldrel-windows-x86_64 | 3.3.5 | 16.00 | 54.00 | 70.00 | OK |
Version: 3.3.5
Check: CRAN incoming feasibility
Result: NOTE
Maintainer: ‘Berend Hasselman <bhh@xs4all.nl>’
No Authors@R field in DESCRIPTION.
Please add one, modifying
Authors@R: person(given = "Berend",
family = "Hasselman",
role = c("aut", "cre"),
email = "bhh@xs4all.nl")
as necessary.
Flavors: r-devel-linux-x86_64-debian-clang, r-devel-linux-x86_64-debian-gcc