Last updated on 2024-04-26 12:54:43 CEST.
Flavor | Version | Tinstall | Tcheck | Ttotal | Status | Flags |
---|---|---|---|---|---|---|
r-devel-linux-x86_64-debian-clang | 3.3.5 | 9.42 | 33.78 | 43.20 | NOTE | |
r-devel-linux-x86_64-debian-gcc | 3.3.5 | 5.05 | 26.45 | 31.50 | NOTE | |
r-devel-linux-x86_64-fedora-clang | 3.3.5 | 56.84 | NOTE | |||
r-devel-linux-x86_64-fedora-gcc | 3.3.5 | 51.55 | NOTE | |||
r-devel-windows-x86_64 | 3.3.5 | 15.00 | 55.00 | 70.00 | NOTE | |
r-patched-linux-x86_64 | 3.3.5 | 6.41 | 33.85 | 40.26 | OK | |
r-release-linux-x86_64 | 3.3.5 | 6.78 | 32.65 | 39.43 | OK | |
r-release-macos-arm64 | 3.3.5 | 24.00 | OK | |||
r-release-windows-x86_64 | 3.3.5 | 16.00 | 54.00 | 70.00 | OK | |
r-oldrel-macos-arm64 | 3.3.5 | 30.00 | OK | |||
r-oldrel-macos-x86_64 | 3.3.5 | 60.00 | OK | |||
r-oldrel-windows-x86_64 | 3.3.5 | 20.00 | 55.00 | 75.00 | OK |
Version: 3.3.5
Check: compiled code
Result: NOTE
File ‘nleqslv/libs/nleqslv.so’:
Found non-API call to R: ‘IS_SCALAR’
Compiled code should not call non-API entry points in R.
See ‘Writing portable packages’ in the ‘Writing R Extensions’ manual.
Flavors: r-devel-linux-x86_64-debian-clang, r-devel-linux-x86_64-debian-gcc, r-devel-linux-x86_64-fedora-clang, r-devel-linux-x86_64-fedora-gcc
Version: 3.3.5
Check: compiled code
Result: NOTE
File 'nleqslv/libs/x64/nleqslv.dll':
Found non-API call to R: 'IS_SCALAR'
Compiled code should not call non-API entry points in R.
See 'Writing portable packages' in the 'Writing R Extensions' manual.
Flavor: r-devel-windows-x86_64