CRAN Package Check Results for Package njtr1

Last updated on 2022-09-28 06:54:13 CEST.

Flavor Version Tinstall Tcheck Ttotal Status Flags
r-devel-linux-x86_64-debian-clang 0.3.2 6.72 65.94 72.66 OK
r-devel-linux-x86_64-debian-gcc 0.3.2 5.05 49.68 54.73 OK
r-devel-linux-x86_64-fedora-clang 0.3.2 101.43 NOTE
r-devel-linux-x86_64-fedora-gcc 0.3.2 104.02 NOTE
r-devel-windows-x86_64 0.3.2 13.00 94.00 107.00 OK
r-patched-linux-x86_64 0.3.2 6.34 63.22 69.56 OK
r-release-linux-x86_64 0.3.2 6.47 62.34 68.81 OK
r-release-macos-arm64 0.3.2 32.00 NOTE
r-release-macos-x86_64 0.3.2 52.00 NOTE
r-release-windows-x86_64 0.3.2 12.00 93.00 105.00 OK
r-oldrel-macos-arm64 0.3.2 32.00 NOTE
r-oldrel-macos-x86_64 0.3.2 51.00 NOTE
r-oldrel-windows-ix86+x86_64 0.3.2 17.00 88.00 105.00 OK

Check Details

Version: 0.3.2
Check: data for non-ASCII characters
Result: NOTE
     Note: found 4 marked UTF-8 strings
Flavors: r-devel-linux-x86_64-fedora-clang, r-devel-linux-x86_64-fedora-gcc, r-release-macos-arm64, r-release-macos-x86_64, r-oldrel-macos-arm64, r-oldrel-macos-x86_64