Last updated on 2023-10-04 20:42:34 CEST.
Flavor | Version | Tinstall | Tcheck | Ttotal | Status | Flags |
---|---|---|---|---|---|---|
r-devel-linux-x86_64-debian-clang | 0.2.1 | 26.35 | 494.36 | 520.71 | OK | |
r-devel-linux-x86_64-debian-gcc | 0.2.1 | 24.12 | 366.69 | 390.81 | OK | |
r-devel-linux-x86_64-fedora-clang | 0.2.1 | 654.15 | NOTE | |||
r-devel-linux-x86_64-fedora-gcc | 0.2.1 | 633.10 | NOTE | |||
r-devel-windows-x86_64 | 0.2.1 | 22.00 | 418.00 | 440.00 | NOTE | |
r-patched-linux-x86_64 | 0.2.1 | 24.92 | 480.68 | 505.60 | OK | |
r-release-linux-x86_64 | 0.2.1 | 21.86 | 485.10 | 506.96 | OK | |
r-release-macos-arm64 | 0.2.1 | 195.00 | NOTE | |||
r-release-macos-x86_64 | 0.2.1 | 337.00 | NOTE | |||
r-release-windows-x86_64 | 0.2.1 | 31.00 | 502.00 | 533.00 | NOTE | |
r-oldrel-macos-arm64 | 0.2.1 | 176.00 | NOTE | |||
r-oldrel-macos-x86_64 | 0.2.1 | 274.00 | NOTE | |||
r-oldrel-windows-x86_64 | 0.2.1 | 30.00 | 527.00 | 557.00 | NOTE |
Version: 0.2.1
Check: installed package size
Result: NOTE
installed size is 6.9Mb
sub-directories of 1Mb or more:
doc 4.0Mb
extdata 1.8Mb
Flavors: r-devel-linux-x86_64-fedora-clang, r-devel-windows-x86_64, r-release-macos-arm64, r-release-macos-x86_64, r-release-windows-x86_64, r-oldrel-macos-arm64, r-oldrel-macos-x86_64, r-oldrel-windows-x86_64
Version: 0.2.1
Check: dependencies in R code
Result: NOTE
Namespace in Imports field not imported from: ‘methods’
All declared Imports should be used.
Flavors: r-devel-linux-x86_64-fedora-clang, r-devel-linux-x86_64-fedora-gcc, r-oldrel-macos-arm64, r-oldrel-macos-x86_64