CRAN Package Check Results for Package nimbleAPT

Last updated on 2024-07-22 06:49:14 CEST.

Flavor Version Tinstall Tcheck Ttotal Status Flags
r-devel-linux-x86_64-debian-clang 1.0.6 12.74 192.41 205.15 OK
r-devel-linux-x86_64-debian-gcc 1.0.6 11.15 150.63 161.78 NOTE
r-devel-linux-x86_64-fedora-clang 1.0.6 273.01 OK
r-devel-linux-x86_64-fedora-gcc 1.0.6 292.73 OK
r-devel-windows-x86_64 1.0.6 14.00 169.00 183.00 NOTE
r-patched-linux-x86_64 1.0.6 12.04 196.17 208.21 OK
r-release-linux-x86_64 1.0.6 13.69 195.89 209.58 OK
r-release-macos-arm64 1.0.6 74.00 OK
r-release-macos-x86_64 1.0.6 114.00 OK
r-release-windows-x86_64 1.0.6 12.00 256.00 268.00 OK
r-oldrel-macos-arm64 1.0.6 79.00 OK
r-oldrel-macos-x86_64 1.0.6 179.00 OK
r-oldrel-windows-x86_64 1.0.6 16.00 276.00 292.00 OK

Check Details

Version: 1.0.6
Check: Rd cross-references
Result: NOTE Found the following Rd file(s) with Rd \link{} targets missing package anchors: samplers.Rd: configureMCMC, addSampler, buildMCMC, runMCMC Please provide package anchors for all Rd \link{} targets not in the package itself and the base packages. Flavors: r-devel-linux-x86_64-debian-gcc, r-devel-windows-x86_64