CRAN Package Check Results for Package nhlapi

Last updated on 2023-12-09 02:48:43 CET.

Flavor Version Tinstall Tcheck Ttotal Status Flags
r-devel-linux-x86_64-debian-clang 0.1.4 3.91 50.64 54.55 NOTE
r-devel-linux-x86_64-debian-gcc 0.1.4 3.11 39.89 43.00 NOTE
r-devel-linux-x86_64-fedora-clang 0.1.4 70.41 NOTE
r-devel-linux-x86_64-fedora-gcc 0.1.4 93.51 NOTE
r-devel-windows-x86_64 0.1.4 5.00 90.00 95.00 NOTE
r-patched-linux-x86_64 0.1.4 5.76 50.31 56.07 NOTE
r-release-linux-x86_64 0.1.4 3.14 48.81 51.95 NOTE
r-release-macos-arm64 0.1.4 43.00 NOTE
r-release-macos-x86_64 0.1.4 83.00 NOTE
r-release-windows-x86_64 0.1.4 7.00 96.00 103.00 NOTE
r-oldrel-macos-arm64 0.1.4 36.00 NOTE
r-oldrel-macos-x86_64 0.1.4 41.00 NOTE
r-oldrel-windows-x86_64 0.1.4 7.00 90.00 97.00 NOTE

Check Details

Version: 0.1.4
Check: LazyData
Result: NOTE 'LazyData' is specified without a 'data' directory Flavors: r-devel-linux-x86_64-debian-clang, r-devel-linux-x86_64-debian-gcc, r-devel-linux-x86_64-fedora-clang, r-devel-linux-x86_64-fedora-gcc, r-devel-windows-x86_64, r-patched-linux-x86_64, r-release-linux-x86_64, r-release-macos-arm64, r-release-macos-x86_64, r-release-windows-x86_64, r-oldrel-macos-arm64, r-oldrel-macos-x86_64, r-oldrel-windows-x86_64