Last updated on 2024-04-30 21:50:19 CEST.
Flavor | Version | Tinstall | Tcheck | Ttotal | Status | Flags |
---|---|---|---|---|---|---|
r-devel-linux-x86_64-debian-clang | 2.1 | 37.10 | 86.04 | 123.14 | NOTE | |
r-devel-linux-x86_64-debian-gcc | 2.1 | 31.71 | 63.11 | 94.82 | NOTE | |
r-devel-linux-x86_64-fedora-clang | 2.1 | 149.06 | NOTE | |||
r-devel-linux-x86_64-fedora-gcc | 2.1 | 161.29 | NOTE | |||
r-devel-windows-x86_64 | 2.1 | 28.00 | 94.00 | 122.00 | NOTE | |
r-patched-linux-x86_64 | 2.1 | 35.76 | 82.05 | 117.81 | NOTE | |
r-release-linux-x86_64 | 2.1 | 34.62 | 81.04 | 115.66 | NOTE | |
r-release-macos-arm64 | 2.1 | 45.00 | NOTE | |||
r-release-windows-x86_64 | 2.1 | 29.00 | 102.00 | 131.00 | NOTE | |
r-oldrel-macos-arm64 | 2.1 | 50.00 | NOTE | |||
r-oldrel-macos-x86_64 | 2.1 | 104.00 | NOTE | |||
r-oldrel-windows-x86_64 | 2.1 | 37.00 | 117.00 | 154.00 | NOTE |
Version: 2.1
Check: C++ specification
Result: NOTE
Specified C++14: please drop specification unless essential
Flavors: r-devel-linux-x86_64-debian-clang, r-devel-linux-x86_64-debian-gcc, r-devel-linux-x86_64-fedora-clang, r-devel-linux-x86_64-fedora-gcc, r-devel-windows-x86_64, r-patched-linux-x86_64, r-release-linux-x86_64, r-release-macos-arm64, r-release-windows-x86_64, r-oldrel-macos-arm64, r-oldrel-macos-x86_64, r-oldrel-windows-x86_64