Last updated on 2023-04-01 12:56:31 CEST.
Flavor | Version | Tinstall | Tcheck | Ttotal | Status | Flags |
---|---|---|---|---|---|---|
r-devel-linux-x86_64-debian-clang | 0.8.2 | 10.48 | 115.68 | 126.16 | OK | |
r-devel-linux-x86_64-debian-gcc | 0.8.2 | 8.21 | 88.04 | 96.25 | OK | |
r-devel-linux-x86_64-fedora-clang | 0.8.2 | 155.67 | NOTE | |||
r-devel-linux-x86_64-fedora-gcc | 0.8.2 | 151.61 | NOTE | |||
r-devel-windows-x86_64 | 0.8.2 | 16.00 | 143.00 | 159.00 | OK | |
r-patched-linux-x86_64 | 0.8.2 | 11.08 | 111.84 | 122.92 | OK | |
r-release-linux-x86_64 | 0.8.2 | 9.33 | 110.92 | 120.25 | OK | |
r-release-macos-arm64 | 0.8.2 | 38.00 | OK | |||
r-release-macos-x86_64 | 0.8.2 | 64.00 | OK | |||
r-release-windows-x86_64 | 0.8.2 | 31.00 | 156.00 | 187.00 | OK | |
r-oldrel-macos-arm64 | 0.8.2 | 35.00 | OK | |||
r-oldrel-macos-x86_64 | 0.8.2 | 64.00 | OK | |||
r-oldrel-windows-ix86+x86_64 | 0.8.2 | 21.00 | 137.00 | 158.00 | OK |
Version: 0.8.2
Check: data for non-ASCII characters
Result: NOTE
Note: found 4894 marked UTF-8 strings
Flavors: r-devel-linux-x86_64-fedora-clang, r-devel-linux-x86_64-fedora-gcc