CRAN Package Check Results for Package neurobase

Last updated on 2024-02-29 21:56:28 CET.

Flavor Version Tinstall Tcheck Ttotal Status Flags
r-devel-linux-x86_64-debian-clang 1.32.3 7.99 252.97 260.96 NOTE
r-devel-linux-x86_64-debian-gcc 1.32.3 8.30 175.56 183.86 NOTE
r-devel-linux-x86_64-fedora-clang 1.32.3 329.43 NOTE
r-devel-linux-x86_64-fedora-gcc 1.32.3 330.28 NOTE
r-devel-windows-x86_64 1.32.3 9.00 392.00 401.00 OK
r-patched-linux-x86_64 1.32.3 16.72 244.68 261.40 OK
r-release-linux-x86_64 1.32.3 6.74 245.60 252.34 OK
r-release-macos-arm64 1.32.3 140.00 OK
r-release-macos-x86_64 1.32.3 237.00 OK
r-release-windows-x86_64 1.32.3 12.00 972.00 984.00 OK
r-oldrel-macos-arm64 1.32.3 161.00 OK
r-oldrel-windows-x86_64 1.32.3 13.00 1062.00 1075.00 OK

Check Details

Version: 1.32.3
Check: Rd files
Result: NOTE checkRd: (-1) orient_rpi.Rd:23: Lost braces in \itemize; \value handles \item{}{} directly checkRd: (-1) orient_rpi.Rd:24: Lost braces in \itemize; \value handles \item{}{} directly checkRd: (-1) orient_rpi.Rd:25: Lost braces in \itemize; \value handles \item{}{} directly Flavors: r-devel-linux-x86_64-debian-clang, r-devel-linux-x86_64-debian-gcc, r-devel-linux-x86_64-fedora-clang, r-devel-linux-x86_64-fedora-gcc