Last updated on 2023-09-29 12:57:03 CEST.
Flavor | Version | Tinstall | Tcheck | Ttotal | Status | Flags |
---|---|---|---|---|---|---|
r-devel-linux-x86_64-debian-clang | 1.2.1 | 193.81 | 132.91 | 326.72 | OK | |
r-devel-linux-x86_64-debian-gcc | 1.2.1 | 128.26 | 99.40 | 227.66 | OK | |
r-devel-linux-x86_64-fedora-clang | 1.2.1 | 484.92 | OK | |||
r-devel-linux-x86_64-fedora-gcc | 1.2.1 | 472.05 | OK | |||
r-devel-windows-x86_64 | 1.2.1 | 144.00 | 156.00 | 300.00 | OK | |
r-patched-linux-x86_64 | 1.2.1 | 188.99 | 127.24 | 316.23 | OK | |
r-release-linux-x86_64 | 1.2.1 | 176.17 | 128.53 | 304.70 | OK | |
r-release-macos-arm64 | 1.2.1 | 109.00 | NOTE | |||
r-release-macos-x86_64 | 1.2.1 | 159.00 | NOTE | |||
r-release-windows-x86_64 | 1.2.1 | 182.00 | 178.00 | 360.00 | OK | |
r-oldrel-macos-arm64 | 1.2.1 | 94.00 | NOTE | |||
r-oldrel-macos-x86_64 | 1.2.1 | 135.00 | NOTE | |||
r-oldrel-windows-x86_64 | 1.2.1 | 169.00 | 161.00 | 330.00 | OK |
Version: 1.2.1
Check: installed package size
Result: NOTE
installed size is 6.7Mb
sub-directories of 1Mb or more:
doc 1.6Mb
libs 4.9Mb
Flavors: r-release-macos-arm64, r-release-macos-x86_64, r-oldrel-macos-arm64, r-oldrel-macos-x86_64