Last updated on 2025-05-11 12:50:26 CEST.
Flavor | Version | Tinstall | Tcheck | Ttotal | Status | Flags |
---|---|---|---|---|---|---|
r-devel-linux-x86_64-debian-clang | 1.0 | 2.17 | 24.44 | 26.61 | NOTE | |
r-devel-linux-x86_64-debian-gcc | 1.0 | 1.63 | 18.23 | 19.86 | NOTE | |
r-devel-linux-x86_64-fedora-clang | 1.0 | 43.57 | OK | |||
r-devel-linux-x86_64-fedora-gcc | 1.0 | 41.01 | OK | |||
r-devel-windows-x86_64 | 1.0 | 3.00 | 42.00 | 45.00 | OK | |
r-patched-linux-x86_64 | 1.0 | 2.21 | 23.15 | 25.36 | OK | |
r-release-linux-x86_64 | 1.0 | 2.08 | 23.18 | 25.26 | OK | |
r-release-macos-arm64 | 1.0 | 20.00 | OK | |||
r-release-macos-x86_64 | 1.0 | 33.00 | OK | |||
r-release-windows-x86_64 | 1.0 | 3.00 | 47.00 | 50.00 | OK | |
r-oldrel-macos-arm64 | 1.0 | 18.00 | OK | |||
r-oldrel-macos-x86_64 | 1.0 | 25.00 | OK | |||
r-oldrel-windows-x86_64 | 1.0 | 3.00 | 42.00 | 45.00 | OK |
Version: 1.0
Check: CRAN incoming feasibility
Result: NOTE
Maintainer: ‘Tianshi Lu <tianshi.lu@utsouthwestern.edu>’
No Authors@R field in DESCRIPTION.
Please add one, modifying
Authors@R: person(given = "Tianshi",
family = "Lu",
role = c("aut", "cre"),
email = "tianshi.lu@utsouthwestern.edu")
as necessary.
Flavors: r-devel-linux-x86_64-debian-clang, r-devel-linux-x86_64-debian-gcc