Last updated on 2024-03-28 06:52:55 CET.
Flavor | Version | Tinstall | Tcheck | Ttotal | Status | Flags |
---|---|---|---|---|---|---|
r-devel-linux-x86_64-debian-clang | 1.0 | 10.75 | 64.35 | 75.10 | OK | |
r-devel-linux-x86_64-debian-gcc | 1.0 | 6.89 | 47.95 | 54.84 | OK | |
r-devel-linux-x86_64-fedora-clang | 1.0 | 96.37 | OK | |||
r-devel-linux-x86_64-fedora-gcc | 1.0 | 112.33 | OK | |||
r-devel-windows-x86_64 | 1.0 | 10.00 | 67.00 | 77.00 | OK | |
r-patched-linux-x86_64 | 1.0 | 6.84 | 61.96 | 68.80 | OK | |
r-release-linux-x86_64 | 1.0 | 6.41 | 60.96 | 67.37 | OK | |
r-release-macos-arm64 | 1.0 | 39.00 | OK | |||
r-release-macos-x86_64 | 1.0 | 57.00 | OK | |||
r-release-windows-x86_64 | 1.0 | 14.00 | 71.00 | 85.00 | OK | |
r-oldrel-macos-arm64 | 1.0 | 9.00 | ERROR | |||
r-oldrel-windows-x86_64 | 1.0 | 14.00 | 82.00 | 96.00 | OK |
Version: 1.0
Check: package dependencies
Result: ERROR
Packages required and available but unsuitable versions: 'stats', 'utils'
See section ‘The DESCRIPTION file’ in the ‘Writing R Extensions’
manual.
Flavor: r-oldrel-macos-arm64