CRAN Package Check Results for Package neo4r

Last updated on 2022-09-28 06:54:13 CEST.

Flavor Version Tinstall Tcheck Ttotal Status Flags
r-devel-linux-x86_64-debian-clang 0.1.1 8.64 63.72 72.36 NOTE
r-devel-linux-x86_64-debian-gcc 0.1.1 6.24 47.63 53.87 NOTE
r-devel-linux-x86_64-fedora-clang 0.1.1 99.32 NOTE
r-devel-linux-x86_64-fedora-gcc 0.1.1 100.18 NOTE
r-devel-windows-x86_64 0.1.1 19.00 88.00 107.00 NOTE
r-patched-linux-x86_64 0.1.1 8.16 59.72 67.88 NOTE
r-release-linux-x86_64 0.1.1 6.80 60.52 67.32 NOTE
r-release-macos-arm64 0.1.1 25.00 NOTE
r-release-macos-x86_64 0.1.1 46.00 NOTE
r-release-windows-x86_64 0.1.1 23.00 88.00 111.00 NOTE
r-oldrel-macos-arm64 0.1.1 33.00 NOTE
r-oldrel-macos-x86_64 0.1.1 44.00 NOTE
r-oldrel-windows-ix86+x86_64 0.1.1 20.00 89.00 109.00 NOTE

Check Details

Version: 0.1.1
Check: LazyData
Result: NOTE
     'LazyData' is specified without a 'data' directory
Flavors: r-devel-linux-x86_64-debian-clang, r-devel-linux-x86_64-debian-gcc, r-devel-linux-x86_64-fedora-clang, r-devel-linux-x86_64-fedora-gcc, r-devel-windows-x86_64, r-patched-linux-x86_64, r-release-linux-x86_64, r-release-macos-arm64, r-release-macos-x86_64, r-release-windows-x86_64, r-oldrel-macos-arm64, r-oldrel-macos-x86_64, r-oldrel-windows-ix86+x86_64

Version: 0.1.1
Check: dependencies in R code
Result: NOTE
    Namespaces in Imports field not imported from:
     ‘igraph’ ‘rlang’ ‘tidyselect’
     All declared Imports should be used.
Flavors: r-devel-linux-x86_64-fedora-clang, r-devel-linux-x86_64-fedora-gcc, r-release-macos-arm64, r-release-macos-x86_64, r-oldrel-macos-arm64, r-oldrel-macos-x86_64