CRAN Package Check Results for Package neo4jshell

Last updated on 2021-11-30 12:53:38 CET.

Flavor Version Tinstall Tcheck Ttotal Status Flags
r-devel-linux-x86_64-debian-clang 0.1.1 2.18 25.05 27.23 NOTE
r-devel-linux-x86_64-debian-gcc 0.1.1 1.86 19.97 21.83 NOTE
r-devel-linux-x86_64-fedora-clang 0.1.1 45.03 NOTE
r-devel-linux-x86_64-fedora-gcc 0.1.1 33.99 NOTE
r-devel-windows-x86_64-new-UL 0.1.1 8.00 68.00 76.00 NOTE
r-devel-windows-x86_64-new-TK 0.1.1 NOTE
r-devel-windows-x86_64-old 0.1.1 5.00 38.00 43.00 NOTE
r-patched-linux-x86_64 0.1.1 2.28 24.91 27.19 NOTE
r-release-linux-x86_64 0.1.1 2.22 24.64 26.86 NOTE
r-release-macos-arm64 0.1.1 NOTE
r-release-macos-x86_64 0.1.1 NOTE
r-release-windows-ix86+x86_64 0.1.1 5.00 32.00 37.00 NOTE
r-oldrel-macos-x86_64 0.1.1 OK
r-oldrel-windows-ix86+x86_64 0.1.1 4.00 43.00 47.00 OK

Check Details

Version: 0.1.1
Check: LazyData
Result: NOTE
     'LazyData' is specified without a 'data' directory
Flavors: r-devel-linux-x86_64-debian-clang, r-devel-linux-x86_64-debian-gcc, r-devel-linux-x86_64-fedora-clang, r-devel-linux-x86_64-fedora-gcc, r-devel-windows-x86_64-new-UL, r-devel-windows-x86_64-new-TK, r-devel-windows-x86_64-old, r-patched-linux-x86_64, r-release-linux-x86_64, r-release-macos-arm64, r-release-macos-x86_64, r-release-windows-ix86+x86_64