Last updated on 2024-03-29 06:56:33 CET.
Flavor | Version | Tinstall | Tcheck | Ttotal | Status | Flags |
---|---|---|---|---|---|---|
r-devel-linux-x86_64-debian-clang | 1.5.3 | 131.25 | 513.00 | 644.25 | OK | |
r-devel-linux-x86_64-debian-gcc | 1.5.3 | 112.20 | 380.22 | 492.42 | OK | |
r-devel-linux-x86_64-fedora-clang | 1.5.3 | 862.53 | OK | |||
r-devel-linux-x86_64-fedora-gcc | 1.5.3 | 838.45 | OK | |||
r-devel-windows-x86_64 | 1.5.3 | 99.00 | 358.00 | 457.00 | OK | |
r-patched-linux-x86_64 | 1.5.3 | 96.38 | 501.73 | 598.11 | OK | |
r-release-linux-x86_64 | 1.5.3 | 95.49 | 511.34 | 606.83 | OK | |
r-release-macos-arm64 | 1.5.3 | 208.00 | NOTE | |||
r-release-macos-x86_64 | 1.5.3 | 488.00 | NOTE | |||
r-release-windows-x86_64 | 1.5.3 | 126.00 | 476.00 | 602.00 | OK | |
r-oldrel-macos-arm64 | 1.5.3 | 191.00 | NOTE | |||
r-oldrel-windows-x86_64 | 1.5.3 | 119.00 | 417.00 | 536.00 | OK |
Version: 1.5.3
Check: installed package size
Result: NOTE
installed size is 24.8Mb
sub-directories of 1Mb or more:
libs 23.1Mb
Flavors: r-release-macos-arm64, r-release-macos-x86_64, r-oldrel-macos-arm64