CRAN Package Check Results for Package ncmeta

Last updated on 2022-06-26 03:50:06 CEST.

Flavor Version Tinstall Tcheck Ttotal Status Flags
r-devel-linux-x86_64-debian-clang 0.3.0 6.47 66.96 73.43 NOTE
r-devel-linux-x86_64-debian-gcc 0.3.0 4.42 49.14 53.56 NOTE
r-devel-linux-x86_64-fedora-clang 0.3.0 95.34 NOTE
r-devel-linux-x86_64-fedora-gcc 0.3.0 94.88 NOTE
r-devel-windows-x86_64 0.3.0 38.00 89.00 127.00 NOTE
r-patched-linux-x86_64 0.3.0 4.98 63.01 67.99 NOTE
r-release-linux-x86_64 0.3.0 4.42 62.67 67.09 NOTE
r-release-macos-arm64 0.3.0 25.00 NOTE
r-release-macos-x86_64 0.3.0 51.00 NOTE
r-release-windows-x86_64 0.3.0 34.00 90.00 124.00 NOTE
r-oldrel-macos-arm64 0.3.0 32.00 NOTE
r-oldrel-macos-x86_64 0.3.0 41.00 NOTE
r-oldrel-windows-ix86+x86_64 0.3.0 16.00 86.00 102.00 NOTE

Check Details

Version: 0.3.0
Check: LazyData
Result: NOTE
     'LazyData' is specified without a 'data' directory
Flavors: r-devel-linux-x86_64-debian-clang, r-devel-linux-x86_64-debian-gcc, r-devel-linux-x86_64-fedora-clang, r-devel-linux-x86_64-fedora-gcc, r-devel-windows-x86_64, r-patched-linux-x86_64, r-release-linux-x86_64, r-release-macos-arm64, r-release-macos-x86_64, r-release-windows-x86_64, r-oldrel-macos-arm64, r-oldrel-macos-x86_64, r-oldrel-windows-ix86+x86_64