CRAN Package Check Results for Package ncdfgeom

Last updated on 2022-06-25 12:54:29 CEST.

Flavor Version Tinstall Tcheck Ttotal Status Flags
r-devel-linux-x86_64-debian-clang 1.1.1 9.19 139.33 148.52 ERROR
r-devel-linux-x86_64-debian-gcc 1.1.1 7.74 103.71 111.45 ERROR
r-devel-linux-x86_64-fedora-clang 1.1.1 180.33 OK
r-devel-linux-x86_64-fedora-gcc 1.1.1 200.01 OK
r-devel-windows-x86_64 1.1.1 53.00 179.00 232.00 OK
r-patched-linux-x86_64 1.1.1 7.32 130.52 137.84 ERROR
r-release-linux-x86_64 1.1.1 5.78 130.42 136.20 ERROR
r-release-macos-arm64 1.1.1 52.00 OK
r-release-macos-x86_64 1.1.1 89.00 OK
r-release-windows-x86_64 1.1.1 46.00 180.00 226.00 OK
r-oldrel-macos-arm64 1.1.1 52.00 OK
r-oldrel-macos-x86_64 1.1.1 90.00 OK
r-oldrel-windows-ix86+x86_64 1.1.1 20.00 158.00 178.00 OK

Check Details

Version: 1.1.1
Check: tests
Result: ERROR
     Running 'testthat.R' [40s/48s]
    Running the tests in 'tests/testthat.R' failed.
    Complete output:
     > library(testthat)
     > test_check("ncdfgeom")
     Loading required package: ncdfgeom
     ****Support Package****
     This package is a USGS-R Support package.
     see: https://owi.usgs.gov/R/packages.html#support
     Linking to GEOS 3.10.3, GDAL 3.5.0, PROJ 9.0.0; sf_use_s2() is TRUE
     [ FAIL 1 | WARN 0 | SKIP 2 | PASS 739 ]
    
     == Skipped tests ===============================================================
     * On CRAN (2)
    
     == Failed tests ================================================================
     -- Failure (test_check_ncdf.R:80:3): a crs gets found correctly ----------------
     checkVals$crs not equal to `crs`.
     Names: 9 string mismatches
     Component 1: Modes: numeric, character
     Component 1: Lengths: 2, 1
     Component 1: target is numeric, current is character
     Component 2: Mean relative difference: 1.32187
     Component 3: Mean absolute difference: 23
     Component 5: Mean relative difference: 1
     Component 6: Numeric: lengths (1, 2) differ
     Component 7: Mean absolute difference: 6378137
     ...
    
     [ FAIL 1 | WARN 0 | SKIP 2 | PASS 739 ]
     Error: Test failures
     Execution halted
Flavor: r-devel-linux-x86_64-debian-clang

Version: 1.1.1
Check: tests
Result: ERROR
     Running ‘testthat.R’ [30s/49s]
    Running the tests in ‘tests/testthat.R’ failed.
    Complete output:
     > library(testthat)
     > test_check("ncdfgeom")
     Loading required package: ncdfgeom
     ****Support Package****
     This package is a USGS-R Support package.
     see: https://owi.usgs.gov/R/packages.html#support
     Linking to GEOS 3.10.3, GDAL 3.5.0, PROJ 9.0.1; sf_use_s2() is TRUE
     [ FAIL 1 | WARN 0 | SKIP 2 | PASS 739 ]
    
     ══ Skipped tests ═══════════════════════════════════════════════════════════════
     • On CRAN (2)
    
     ══ Failed tests ════════════════════════════════════════════════════════════════
     ── Failure (test_check_ncdf.R:80:3): a crs gets found correctly ────────────────
     checkVals$crs not equal to `crs`.
     Names: 9 string mismatches
     Component 1: Modes: numeric, character
     Component 1: Lengths: 2, 1
     Component 1: target is numeric, current is character
     Component 2: Mean relative difference: 1.32187
     Component 3: Mean absolute difference: 23
     Component 5: Mean relative difference: 1
     Component 6: Numeric: lengths (1, 2) differ
     Component 7: Mean absolute difference: 6378137
     ...
    
     [ FAIL 1 | WARN 0 | SKIP 2 | PASS 739 ]
     Error: Test failures
     Execution halted
Flavor: r-devel-linux-x86_64-debian-gcc

Version: 1.1.1
Check: tests
Result: ERROR
     Running ‘testthat.R’ [38s/43s]
    Running the tests in ‘tests/testthat.R’ failed.
    Complete output:
     > library(testthat)
     > test_check("ncdfgeom")
     Loading required package: ncdfgeom
     ****Support Package****
     This package is a USGS-R Support package.
     see: https://owi.usgs.gov/R/packages.html#support
     Linking to GEOS 3.10.3, GDAL 3.5.0, PROJ 9.0.0; sf_use_s2() is TRUE
     [ FAIL 1 | WARN 0 | SKIP 2 | PASS 739 ]
    
     ══ Skipped tests ═══════════════════════════════════════════════════════════════
     • On CRAN (2)
    
     ══ Failed tests ════════════════════════════════════════════════════════════════
     ── Failure (test_check_ncdf.R:80:3): a crs gets found correctly ────────────────
     checkVals$crs not equal to `crs`.
     Names: 9 string mismatches
     Component 1: Modes: numeric, character
     Component 1: Lengths: 2, 1
     Component 1: target is numeric, current is character
     Component 2: Mean relative difference: 1.32187
     Component 3: Mean absolute difference: 23
     Component 5: Mean relative difference: 1
     Component 6: Numeric: lengths (1, 2) differ
     Component 7: Mean absolute difference: 6378137
     ...
    
     [ FAIL 1 | WARN 0 | SKIP 2 | PASS 739 ]
     Error: Test failures
     Execution halted
Flavor: r-patched-linux-x86_64

Version: 1.1.1
Check: tests
Result: ERROR
     Running ‘testthat.R’ [38s/44s]
    Running the tests in ‘tests/testthat.R’ failed.
    Complete output:
     > library(testthat)
     > test_check("ncdfgeom")
     Loading required package: ncdfgeom
     ****Support Package****
     This package is a USGS-R Support package.
     see: https://owi.usgs.gov/R/packages.html#support
     Linking to GEOS 3.10.3, GDAL 3.5.0, PROJ 9.0.0; sf_use_s2() is TRUE
     [ FAIL 1 | WARN 0 | SKIP 2 | PASS 739 ]
    
     ══ Skipped tests ═══════════════════════════════════════════════════════════════
     • On CRAN (2)
    
     ══ Failed tests ════════════════════════════════════════════════════════════════
     ── Failure (test_check_ncdf.R:80:3): a crs gets found correctly ────────────────
     checkVals$crs not equal to `crs`.
     Names: 9 string mismatches
     Component 1: Modes: numeric, character
     Component 1: Lengths: 2, 1
     Component 1: target is numeric, current is character
     Component 2: Mean relative difference: 1.32187
     Component 3: Mean absolute difference: 23
     Component 5: Mean relative difference: 1
     Component 6: Numeric: lengths (1, 2) differ
     Component 7: Mean absolute difference: 6378137
     ...
    
     [ FAIL 1 | WARN 0 | SKIP 2 | PASS 739 ]
     Error: Test failures
     Execution halted
Flavor: r-release-linux-x86_64