Last updated on 2022-05-25 05:53:43 CEST.
Flavor | Version | Tinstall | Tcheck | Ttotal | Status | Flags |
---|---|---|---|---|---|---|
r-devel-linux-x86_64-debian-clang | 0.3.0 | 14.73 | 115.01 | 129.74 | NOTE | |
r-devel-linux-x86_64-debian-gcc | 0.3.0 | 12.04 | 87.54 | 99.58 | NOTE | |
r-devel-linux-x86_64-fedora-clang | 0.3.0 | 159.16 | NOTE | |||
r-devel-linux-x86_64-fedora-gcc | 0.3.0 | 140.43 | NOTE | |||
r-devel-windows-x86_64 | 0.3.0 | 33.00 | 124.00 | 157.00 | NOTE | |
r-patched-linux-x86_64 | 0.3.0 | 17.64 | 108.43 | 126.07 | NOTE | |
r-release-linux-x86_64 | 0.3.0 | NOTE | ||||
r-release-macos-arm64 | 0.3.0 | 44.00 | NOTE | |||
r-release-macos-x86_64 | 0.3.0 | 73.00 | NOTE | |||
r-release-windows-x86_64 | 0.3.0 | 33.00 | 133.00 | 166.00 | NOTE | |
r-oldrel-macos-arm64 | 0.3.0 | 48.00 | NOTE | |||
r-oldrel-macos-x86_64 | 0.3.0 | 62.00 | NOTE | |||
r-oldrel-windows-ix86+x86_64 | 0.3.0 | 29.00 | 123.00 | 152.00 | NOTE |
Version: 0.3.0
Check: LazyData
Result: NOTE
'LazyData' is specified without a 'data' directory
Flavors: r-devel-linux-x86_64-debian-clang, r-devel-linux-x86_64-debian-gcc, r-devel-linux-x86_64-fedora-clang, r-devel-linux-x86_64-fedora-gcc, r-devel-windows-x86_64, r-patched-linux-x86_64, r-release-linux-x86_64, r-release-macos-arm64, r-release-macos-x86_64, r-release-windows-x86_64, r-oldrel-macos-arm64, r-oldrel-macos-x86_64, r-oldrel-windows-ix86+x86_64
Version: 0.3.0
Check: dependencies in R code
Result: NOTE
Namespace in Imports field not imported from: ‘bookdown’
All declared Imports should be used.
Flavors: r-devel-linux-x86_64-fedora-clang, r-devel-linux-x86_64-fedora-gcc, r-release-macos-arm64, r-release-macos-x86_64, r-oldrel-macos-arm64, r-oldrel-macos-x86_64