Last updated on 2023-01-30 04:52:28 CET.
Flavor | Version | Tinstall | Tcheck | Ttotal | Status | Flags |
---|---|---|---|---|---|---|
r-devel-linux-x86_64-debian-clang | 0.5.0 | 6.77 | 141.97 | 148.74 | OK | |
r-devel-linux-x86_64-debian-gcc | 0.5.0 | 5.54 | 105.33 | 110.87 | OK | |
r-devel-linux-x86_64-fedora-clang | 0.5.0 | 195.23 | NOTE | |||
r-devel-linux-x86_64-fedora-gcc | 0.5.0 | 189.97 | NOTE | |||
r-devel-windows-x86_64 | 0.5.0 | 37.00 | 177.00 | 214.00 | OK | |
r-patched-linux-x86_64 | 0.5.0 | 8.10 | 135.67 | 143.77 | OK | |
r-release-linux-x86_64 | 0.5.0 | 7.24 | 132.41 | 139.65 | OK | |
r-release-macos-arm64 | 0.5.0 | 44.00 | NOTE | |||
r-release-macos-x86_64 | 0.5.0 | 76.00 | NOTE | |||
r-release-windows-x86_64 | 0.5.0 | 39.00 | 182.00 | 221.00 | OK | |
r-oldrel-macos-arm64 | 0.5.0 | 48.00 | NOTE | |||
r-oldrel-macos-x86_64 | 0.5.0 | 77.00 | NOTE | |||
r-oldrel-windows-ix86+x86_64 | 0.5.0 | 18.00 | 168.00 | 186.00 | OK |
Version: 0.5.0
Check: data for non-ASCII characters
Result: NOTE
Note: found 5 marked Latin-1 strings
Note: found 7187 marked UTF-8 strings
Flavors: r-devel-linux-x86_64-fedora-clang, r-devel-linux-x86_64-fedora-gcc, r-release-macos-arm64, r-release-macos-x86_64, r-oldrel-macos-arm64, r-oldrel-macos-x86_64