CRAN Package Check Results for Package naturaList

Last updated on 2024-06-20 03:51:40 CEST.

Flavor Version Tinstall Tcheck Ttotal Status Flags
r-devel-linux-x86_64-debian-clang 0.5.2 7.77 147.35 155.12 OK
r-devel-linux-x86_64-debian-gcc 0.5.2 6.77 110.17 116.94 OK
r-devel-linux-x86_64-fedora-clang 0.5.2 196.86 NOTE
r-devel-linux-x86_64-fedora-gcc 0.5.2 201.98 NOTE
r-devel-windows-x86_64 0.5.2 10.00 124.00 134.00 OK
r-patched-linux-x86_64 0.5.2 8.04 146.22 154.26 OK
r-release-linux-x86_64 0.5.2 6.43 143.24 149.67 OK
r-release-macos-arm64 0.5.2 62.00 OK
r-release-macos-x86_64 0.5.2 105.00 OK
r-release-windows-x86_64 0.5.2 11.00 135.00 146.00 OK
r-oldrel-macos-arm64 0.5.2 75.00 OK
r-oldrel-macos-x86_64 0.5.2 130.00 OK
r-oldrel-windows-x86_64 0.5.2 12.00 159.00 171.00 OK

Check Details

Version: 0.5.2
Check: data for non-ASCII characters
Result: NOTE Note: found 5 marked Latin-1 strings Note: found 7187 marked UTF-8 strings Flavors: r-devel-linux-x86_64-fedora-clang, r-devel-linux-x86_64-fedora-gcc