CRAN Package Check Results for Package naspaclust

Last updated on 2022-08-15 06:49:13 CEST.

Flavor Version Tinstall Tcheck Ttotal Status Flags
r-devel-linux-x86_64-debian-clang 0.2.1 6.84 63.32 70.16 NOTE
r-devel-linux-x86_64-debian-gcc 0.2.1 5.24 45.08 50.32 NOTE
r-devel-linux-x86_64-fedora-clang 0.2.1 95.76 NOTE
r-devel-linux-x86_64-fedora-gcc 0.2.1 90.38 NOTE
r-devel-windows-x86_64 0.2.1 32.00 85.00 117.00 NOTE
r-patched-linux-x86_64 0.2.1 8.72 59.10 67.82 NOTE
r-release-linux-x86_64 0.2.1 6.83 59.67 66.50 NOTE
r-release-macos-arm64 0.2.1 26.00 NOTE
r-release-macos-x86_64 0.2.1 37.00 NOTE
r-release-windows-x86_64 0.2.1 34.00 82.00 116.00 NOTE
r-oldrel-macos-arm64 0.2.1 34.00 NOTE
r-oldrel-macos-x86_64 0.2.1 39.00 NOTE
r-oldrel-windows-ix86+x86_64 0.2.1 12.00 82.00 94.00 OK

Check Details

Version: 0.2.1
Check: package dependencies
Result: NOTE
    Package suggested but not available for checking: 'spatialClust'
Flavors: r-devel-linux-x86_64-debian-clang, r-devel-linux-x86_64-debian-gcc, r-devel-linux-x86_64-fedora-clang, r-devel-linux-x86_64-fedora-gcc, r-devel-windows-x86_64, r-patched-linux-x86_64, r-release-linux-x86_64, r-release-macos-arm64, r-release-macos-x86_64, r-release-windows-x86_64

Version: 0.2.1
Check: dependencies in R code
Result: NOTE
    Namespace in Imports field not imported from: ‘Rdpack’
     All declared Imports should be used.
Flavors: r-devel-linux-x86_64-fedora-clang, r-devel-linux-x86_64-fedora-gcc, r-release-macos-arm64, r-release-macos-x86_64, r-oldrel-macos-arm64, r-oldrel-macos-x86_64