Last updated on 2024-04-19 06:03:26 CEST.
Flavor | Version | Tinstall | Tcheck | Ttotal | Status | Flags |
---|---|---|---|---|---|---|
r-devel-linux-x86_64-debian-clang | 0.5.1 | 26.74 | 43.00 | 69.74 | NOTE | |
r-devel-linux-x86_64-debian-gcc | 0.5.1 | NOTE | ||||
r-devel-linux-x86_64-fedora-clang | 0.5.1 | 92.59 | NOTE | |||
r-devel-linux-x86_64-fedora-gcc | 0.5.1 | 102.92 | NOTE | |||
r-prerel-macos-arm64 | 0.5.1 | 33.00 | NOTE | |||
r-prerel-windows-x86_64 | 0.5.1 | 21.00 | 75.00 | 96.00 | NOTE | |
r-patched-linux-x86_64 | 0.5.1 | 26.50 | 40.67 | 67.17 | NOTE | |
r-release-linux-x86_64 | 0.5.1 | 26.31 | 40.17 | 66.48 | NOTE | |
r-release-macos-arm64 | 0.5.1 | 34.00 | NOTE | |||
r-release-macos-x86_64 | 0.5.1 | 51.00 | NOTE | |||
r-release-windows-x86_64 | 0.5.1 | 27.00 | 79.00 | 106.00 | NOTE | |
r-oldrel-macos-arm64 | 0.5.1 | 29.00 | OK | |||
r-oldrel-windows-x86_64 | 0.5.1 | 27.00 | 79.00 | 106.00 | OK |
Version: 0.5.1
Check: C++ specification
Result: NOTE
Specified C++11: please drop specification unless essential
Flavors: r-devel-linux-x86_64-debian-clang, r-devel-linux-x86_64-debian-gcc, r-devel-linux-x86_64-fedora-clang, r-devel-linux-x86_64-fedora-gcc, r-prerel-macos-arm64, r-prerel-windows-x86_64, r-patched-linux-x86_64, r-release-linux-x86_64, r-release-macos-arm64, r-release-macos-x86_64, r-release-windows-x86_64