CRAN Package Check Results for Package naniar

Last updated on 2020-06-03 06:48:39 CEST.

Flavor Version Tinstall Tcheck Ttotal Status Flags
r-devel-linux-x86_64-debian-clang 0.5.1 8.11 154.65 162.76 ERROR
r-devel-linux-x86_64-debian-gcc 0.5.1 6.60 116.50 123.10 ERROR
r-devel-linux-x86_64-fedora-clang 0.5.1 192.59 ERROR
r-devel-linux-x86_64-fedora-gcc 0.5.1 184.63 ERROR
r-devel-windows-ix86+x86_64 0.5.1 25.00 253.00 278.00 ERROR
r-patched-linux-x86_64 0.5.1 7.14 152.89 160.03 OK
r-patched-solaris-x86 0.5.1 251.10 OK
r-release-linux-x86_64 0.5.1 7.69 152.36 160.05 OK
r-release-osx-x86_64 0.5.1 OK
r-release-windows-ix86+x86_64 0.5.1 17.00 164.00 181.00 OK
r-oldrel-osx-x86_64 0.5.1 OK
r-oldrel-windows-ix86+x86_64 0.5.1 16.00 158.00 174.00 OK

Check Details

Version: 0.5.1
Check: tests
Result: ERROR
     Running 'spelling.R' [0s/0s]
     Running 'testthat.R' [20s/22s]
    Running the tests in 'tests/testthat.R' failed.
    Complete output:
     > library(testthat)
     > library(naniar)
     >
     > test_check("naniar")
     -- 1. Error: impute_median_all retains proper shadow values (@test-impute-median
     Input must contain shade column. See ?shade, ?shade and ?bind_shadow
     Backtrace:
     1. testthat::expect_equal(...)
     4. naniar::unbind_data(impute_median_all(aq_shadow))
     5. naniar:::test_if_any_shade(data)
    
     -- 2. Error: impute_median_all retains proper shadow values (@test-impute-median
     Input must contain shade column. See ?shade, ?shade and ?bind_shadow
     Backtrace:
     1. testthat::expect_equal(...)
     4. naniar::unbind_data(impute_median_all(aq_shadow))
     5. naniar:::test_if_any_shade(data)
    
     -- 3. Error: impute_median_all retains proper shadow values (@test-impute-median
     Input must contain shade column. See ?shade, ?shade and ?bind_shadow
     Backtrace:
     1. testthat::expect_equal(...)
     4. naniar::unbind_data(impute_median_all(aq_shadow))
     5. naniar:::test_if_any_shade(data)
    
     -- 4. Error: impute_median_all retains proper shadow values (@test-impute-median
     Input must contain shade column. See ?shade, ?shade and ?bind_shadow
     Backtrace:
     1. testthat::expect_equal(...)
     4. naniar::unbind_data(impute_median_all(aq_shadow))
     5. naniar:::test_if_any_shade(data)
    
     -- 5. Error: impute_mean_all retains proper shadow values (@test-impute_mean.R#9
     Input must contain shade column. See ?shade, ?shade and ?bind_shadow
     Backtrace:
     1. testthat::expect_equal(...)
     4. naniar::unbind_data(impute_mean_all(aq_shadow))
     5. naniar:::test_if_any_shade(data)
    
     -- 6. Error: impute_mean_all retains proper shadow values (@test-impute_mean.R#1
     Input must contain shade column. See ?shade, ?shade and ?bind_shadow
     Backtrace:
     1. testthat::expect_equal(...)
     4. naniar::unbind_data(impute_mean_all(aq_shadow))
     5. naniar:::test_if_any_shade(data)
    
     -- 7. Failure: special missings levels are updated for many recodes (@test-speci
     levels(df_many_recode$temp_NA) not equal to `new_shade_levels`.
     Lengths differ: 3 is not 4
    
     == testthat results ===========================================================
     [ OK: 562 | SKIPPED: 22 | WARNINGS: 0 | FAILED: 7 ]
     1. Error: impute_median_all retains proper shadow values (@test-impute-median.R#87)
     2. Error: impute_median_all retains proper shadow values (@test-impute-median.R#92)
     3. Error: impute_median_all retains proper shadow values (@test-impute-median.R#102)
     4. Error: impute_median_all retains proper shadow values (@test-impute-median.R#107)
     5. Error: impute_mean_all retains proper shadow values (@test-impute_mean.R#98)
     6. Error: impute_mean_all retains proper shadow values (@test-impute_mean.R#103)
     7. Failure: special missings levels are updated for many recodes (@test-special-missing-values.R#45)
    
     Error: testthat unit tests failed
     Execution halted
Flavor: r-devel-linux-x86_64-debian-clang

Version: 0.5.1
Check: tests
Result: ERROR
     Running ‘spelling.R’ [0s/1s]
     Running ‘testthat.R’ [15s/22s]
    Running the tests in ‘tests/testthat.R’ failed.
    Complete output:
     > library(testthat)
     > library(naniar)
     >
     > test_check("naniar")
     ── 1. Error: impute_median_all retains proper shadow values (@test-impute-median
     Input must contain shade column. See ?shade, ?shade and ?bind_shadow
     Backtrace:
     1. testthat::expect_equal(...)
     4. naniar::unbind_data(impute_median_all(aq_shadow))
     5. naniar:::test_if_any_shade(data)
    
     ── 2. Error: impute_median_all retains proper shadow values (@test-impute-median
     Input must contain shade column. See ?shade, ?shade and ?bind_shadow
     Backtrace:
     1. testthat::expect_equal(...)
     4. naniar::unbind_data(impute_median_all(aq_shadow))
     5. naniar:::test_if_any_shade(data)
    
     ── 3. Error: impute_median_all retains proper shadow values (@test-impute-median
     Input must contain shade column. See ?shade, ?shade and ?bind_shadow
     Backtrace:
     1. testthat::expect_equal(...)
     4. naniar::unbind_data(impute_median_all(aq_shadow))
     5. naniar:::test_if_any_shade(data)
    
     ── 4. Error: impute_median_all retains proper shadow values (@test-impute-median
     Input must contain shade column. See ?shade, ?shade and ?bind_shadow
     Backtrace:
     1. testthat::expect_equal(...)
     4. naniar::unbind_data(impute_median_all(aq_shadow))
     5. naniar:::test_if_any_shade(data)
    
     ── 5. Error: impute_mean_all retains proper shadow values (@test-impute_mean.R#9
     Input must contain shade column. See ?shade, ?shade and ?bind_shadow
     Backtrace:
     1. testthat::expect_equal(...)
     4. naniar::unbind_data(impute_mean_all(aq_shadow))
     5. naniar:::test_if_any_shade(data)
    
     ── 6. Error: impute_mean_all retains proper shadow values (@test-impute_mean.R#1
     Input must contain shade column. See ?shade, ?shade and ?bind_shadow
     Backtrace:
     1. testthat::expect_equal(...)
     4. naniar::unbind_data(impute_mean_all(aq_shadow))
     5. naniar:::test_if_any_shade(data)
    
     ── 7. Failure: special missings levels are updated for many recodes (@test-speci
     levels(df_many_recode$temp_NA) not equal to `new_shade_levels`.
     Lengths differ: 3 is not 4
    
     ══ testthat results ═══════════════════════════════════════════════════════════
     [ OK: 562 | SKIPPED: 22 | WARNINGS: 0 | FAILED: 7 ]
     1. Error: impute_median_all retains proper shadow values (@test-impute-median.R#87)
     2. Error: impute_median_all retains proper shadow values (@test-impute-median.R#92)
     3. Error: impute_median_all retains proper shadow values (@test-impute-median.R#102)
     4. Error: impute_median_all retains proper shadow values (@test-impute-median.R#107)
     5. Error: impute_mean_all retains proper shadow values (@test-impute_mean.R#98)
     6. Error: impute_mean_all retains proper shadow values (@test-impute_mean.R#103)
     7. Failure: special missings levels are updated for many recodes (@test-special-missing-values.R#45)
    
     Error: testthat unit tests failed
     Execution halted
Flavor: r-devel-linux-x86_64-debian-gcc

Version: 0.5.1
Check: tests
Result: ERROR
     Running ‘spelling.R’
     Running ‘testthat.R’ [22s/26s]
    Running the tests in ‘tests/testthat.R’ failed.
    Complete output:
     > library(testthat)
     > library(naniar)
     >
     > test_check("naniar")
     ── 1. Error: impute_median_all retains proper shadow values (@test-impute-median
     Input must contain shade column. See ?shade, ?shade and ?bind_shadow
     Backtrace:
     1. testthat::expect_equal(...)
     4. naniar::unbind_data(impute_median_all(aq_shadow))
     5. naniar:::test_if_any_shade(data)
    
     ── 2. Error: impute_median_all retains proper shadow values (@test-impute-median
     Input must contain shade column. See ?shade, ?shade and ?bind_shadow
     Backtrace:
     1. testthat::expect_equal(...)
     4. naniar::unbind_data(impute_median_all(aq_shadow))
     5. naniar:::test_if_any_shade(data)
    
     ── 3. Error: impute_median_all retains proper shadow values (@test-impute-median
     Input must contain shade column. See ?shade, ?shade and ?bind_shadow
     Backtrace:
     1. testthat::expect_equal(...)
     4. naniar::unbind_data(impute_median_all(aq_shadow))
     5. naniar:::test_if_any_shade(data)
    
     ── 4. Error: impute_median_all retains proper shadow values (@test-impute-median
     Input must contain shade column. See ?shade, ?shade and ?bind_shadow
     Backtrace:
     1. testthat::expect_equal(...)
     4. naniar::unbind_data(impute_median_all(aq_shadow))
     5. naniar:::test_if_any_shade(data)
    
     ── 5. Error: impute_mean_all retains proper shadow values (@test-impute_mean.R#9
     Input must contain shade column. See ?shade, ?shade and ?bind_shadow
     Backtrace:
     1. testthat::expect_equal(...)
     4. naniar::unbind_data(impute_mean_all(aq_shadow))
     5. naniar:::test_if_any_shade(data)
    
     ── 6. Error: impute_mean_all retains proper shadow values (@test-impute_mean.R#1
     Input must contain shade column. See ?shade, ?shade and ?bind_shadow
     Backtrace:
     1. testthat::expect_equal(...)
     4. naniar::unbind_data(impute_mean_all(aq_shadow))
     5. naniar:::test_if_any_shade(data)
    
     ── 7. Failure: special missings levels are updated for many recodes (@test-speci
     levels(df_many_recode$temp_NA) not equal to `new_shade_levels`.
     Lengths differ: 3 is not 4
    
     ══ testthat results ═══════════════════════════════════════════════════════════
     [ OK: 562 | SKIPPED: 22 | WARNINGS: 0 | FAILED: 7 ]
     1. Error: impute_median_all retains proper shadow values (@test-impute-median.R#87)
     2. Error: impute_median_all retains proper shadow values (@test-impute-median.R#92)
     3. Error: impute_median_all retains proper shadow values (@test-impute-median.R#102)
     4. Error: impute_median_all retains proper shadow values (@test-impute-median.R#107)
     5. Error: impute_mean_all retains proper shadow values (@test-impute_mean.R#98)
     6. Error: impute_mean_all retains proper shadow values (@test-impute_mean.R#103)
     7. Failure: special missings levels are updated for many recodes (@test-special-missing-values.R#45)
    
     Error: testthat unit tests failed
     Execution halted
Flavor: r-devel-linux-x86_64-fedora-clang

Version: 0.5.1
Check: tests
Result: ERROR
     Running ‘spelling.R’
     Running ‘testthat.R’ [23s/25s]
    Running the tests in ‘tests/testthat.R’ failed.
    Complete output:
     > library(testthat)
     > library(naniar)
     >
     > test_check("naniar")
     ── 1. Error: impute_median_all retains proper shadow values (@test-impute-median
     Input must contain shade column. See ?shade, ?shade and ?bind_shadow
     Backtrace:
     1. testthat::expect_equal(...)
     4. naniar::unbind_data(impute_median_all(aq_shadow))
     5. naniar:::test_if_any_shade(data)
    
     ── 2. Error: impute_median_all retains proper shadow values (@test-impute-median
     Input must contain shade column. See ?shade, ?shade and ?bind_shadow
     Backtrace:
     1. testthat::expect_equal(...)
     4. naniar::unbind_data(impute_median_all(aq_shadow))
     5. naniar:::test_if_any_shade(data)
    
     ── 3. Error: impute_median_all retains proper shadow values (@test-impute-median
     Input must contain shade column. See ?shade, ?shade and ?bind_shadow
     Backtrace:
     1. testthat::expect_equal(...)
     4. naniar::unbind_data(impute_median_all(aq_shadow))
     5. naniar:::test_if_any_shade(data)
    
     ── 4. Error: impute_median_all retains proper shadow values (@test-impute-median
     Input must contain shade column. See ?shade, ?shade and ?bind_shadow
     Backtrace:
     1. testthat::expect_equal(...)
     4. naniar::unbind_data(impute_median_all(aq_shadow))
     5. naniar:::test_if_any_shade(data)
    
     ── 5. Error: impute_mean_all retains proper shadow values (@test-impute_mean.R#9
     Input must contain shade column. See ?shade, ?shade and ?bind_shadow
     Backtrace:
     1. testthat::expect_equal(...)
     4. naniar::unbind_data(impute_mean_all(aq_shadow))
     5. naniar:::test_if_any_shade(data)
    
     ── 6. Error: impute_mean_all retains proper shadow values (@test-impute_mean.R#1
     Input must contain shade column. See ?shade, ?shade and ?bind_shadow
     Backtrace:
     1. testthat::expect_equal(...)
     4. naniar::unbind_data(impute_mean_all(aq_shadow))
     5. naniar:::test_if_any_shade(data)
    
     ── 7. Failure: special missings levels are updated for many recodes (@test-speci
     levels(df_many_recode$temp_NA) not equal to `new_shade_levels`.
     Lengths differ: 3 is not 4
    
     ══ testthat results ═══════════════════════════════════════════════════════════
     [ OK: 562 | SKIPPED: 22 | WARNINGS: 0 | FAILED: 7 ]
     1. Error: impute_median_all retains proper shadow values (@test-impute-median.R#87)
     2. Error: impute_median_all retains proper shadow values (@test-impute-median.R#92)
     3. Error: impute_median_all retains proper shadow values (@test-impute-median.R#102)
     4. Error: impute_median_all retains proper shadow values (@test-impute-median.R#107)
     5. Error: impute_mean_all retains proper shadow values (@test-impute_mean.R#98)
     6. Error: impute_mean_all retains proper shadow values (@test-impute_mean.R#103)
     7. Failure: special missings levels are updated for many recodes (@test-special-missing-values.R#45)
    
     Error: testthat unit tests failed
     Execution halted
Flavor: r-devel-linux-x86_64-fedora-gcc

Version: 0.5.1
Check: tests
Result: ERROR
     Running 'spelling.R' [1s]
     Running 'testthat.R' [25s]
    Running the tests in 'tests/testthat.R' failed.
    Complete output:
     > library(testthat)
     > library(naniar)
     >
     > test_check("naniar")
     -- 1. Error: impute_median_all retains proper shadow values (@test-impute-median
     Input must contain shade column. See ?shade, ?shade and ?bind_shadow
     Backtrace:
     1. testthat::expect_equal(...)
     4. naniar::unbind_data(impute_median_all(aq_shadow))
     5. naniar:::test_if_any_shade(data)
    
     -- 2. Error: impute_median_all retains proper shadow values (@test-impute-median
     Input must contain shade column. See ?shade, ?shade and ?bind_shadow
     Backtrace:
     1. testthat::expect_equal(...)
     4. naniar::unbind_data(impute_median_all(aq_shadow))
     5. naniar:::test_if_any_shade(data)
    
     -- 3. Error: impute_median_all retains proper shadow values (@test-impute-median
     Input must contain shade column. See ?shade, ?shade and ?bind_shadow
     Backtrace:
     1. testthat::expect_equal(...)
     4. naniar::unbind_data(impute_median_all(aq_shadow))
     5. naniar:::test_if_any_shade(data)
    
     -- 4. Error: impute_median_all retains proper shadow values (@test-impute-median
     Input must contain shade column. See ?shade, ?shade and ?bind_shadow
     Backtrace:
     1. testthat::expect_equal(...)
     4. naniar::unbind_data(impute_median_all(aq_shadow))
     5. naniar:::test_if_any_shade(data)
    
     -- 5. Error: impute_mean_all retains proper shadow values (@test-impute_mean.R#9
     Input must contain shade column. See ?shade, ?shade and ?bind_shadow
     Backtrace:
     1. testthat::expect_equal(...)
     4. naniar::unbind_data(impute_mean_all(aq_shadow))
     5. naniar:::test_if_any_shade(data)
    
     -- 6. Error: impute_mean_all retains proper shadow values (@test-impute_mean.R#1
     Input must contain shade column. See ?shade, ?shade and ?bind_shadow
     Backtrace:
     1. testthat::expect_equal(...)
     4. naniar::unbind_data(impute_mean_all(aq_shadow))
     5. naniar:::test_if_any_shade(data)
    
     -- 7. Failure: special missings levels are updated for many recodes (@test-speci
     levels(df_many_recode$temp_NA) not equal to `new_shade_levels`.
     Lengths differ: 3 is not 4
    
     == testthat results ===========================================================
     [ OK: 562 | SKIPPED: 22 | WARNINGS: 0 | FAILED: 7 ]
     1. Error: impute_median_all retains proper shadow values (@test-impute-median.R#87)
     2. Error: impute_median_all retains proper shadow values (@test-impute-median.R#92)
     3. Error: impute_median_all retains proper shadow values (@test-impute-median.R#102)
     4. Error: impute_median_all retains proper shadow values (@test-impute-median.R#107)
     5. Error: impute_mean_all retains proper shadow values (@test-impute_mean.R#98)
     6. Error: impute_mean_all retains proper shadow values (@test-impute_mean.R#103)
     7. Failure: special missings levels are updated for many recodes (@test-special-missing-values.R#45)
    
     Error: testthat unit tests failed
     Execution halted
Flavor: r-devel-windows-ix86+x86_64