Last updated on 2025-02-22 12:50:42 CET.
Flavor | Version | Tinstall | Tcheck | Ttotal | Status | Flags |
---|---|---|---|---|---|---|
r-devel-linux-x86_64-debian-clang | 0.1.0 | 69.78 | 145.04 | 214.82 | NOTE | |
r-devel-linux-x86_64-debian-gcc | 0.1.0 | 47.22 | 101.51 | 148.73 | NOTE | |
r-devel-linux-x86_64-fedora-clang | 0.1.0 | 365.71 | NOTE | |||
r-devel-linux-x86_64-fedora-gcc | 0.1.0 | 341.98 | NOTE | |||
r-devel-macos-arm64 | 0.1.0 | 80.00 | OK | |||
r-devel-macos-x86_64 | 0.1.0 | 145.00 | NOTE | |||
r-devel-windows-x86_64 | 0.1.0 | 80.00 | 152.00 | 232.00 | NOTE | |
r-patched-linux-x86_64 | 0.1.0 | 70.95 | 125.06 | 196.01 | OK | |
r-release-linux-x86_64 | 0.1.0 | 67.49 | 129.48 | 196.97 | OK | |
r-release-macos-arm64 | 0.1.0 | 92.00 | OK | |||
r-release-macos-x86_64 | 0.1.0 | 203.00 | OK | |||
r-release-windows-x86_64 | 0.1.0 | 81.00 | 152.00 | 233.00 | OK | |
r-oldrel-macos-arm64 | 0.1.0 | 97.00 | OK | |||
r-oldrel-macos-x86_64 | 0.1.0 | 166.00 | OK | |||
r-oldrel-windows-x86_64 | 0.1.0 | 97.00 | 188.00 | 285.00 | OK |
Version: 0.1.0
Check: DESCRIPTION meta-information
Result: NOTE
Missing dependency on R >= 4.2.0 because package code uses the pipe
placeholder syntax added in R 4.2.0.
File(s) using such syntax:
‘get_individual_algebra_results.R’
Flavors: r-devel-linux-x86_64-debian-clang, r-devel-linux-x86_64-debian-gcc, r-devel-linux-x86_64-fedora-clang, r-devel-linux-x86_64-fedora-gcc, r-devel-windows-x86_64
Version: 0.1.0
Check: DESCRIPTION meta-information
Result: NOTE
Missing dependency on R >= 4.1.0 because package code uses the pipe
|> or function shorthand \(...) syntax added in R 4.1.0.
File(s) using such syntax:
‘get_individual_algebra_results.R’ ‘mxsem_group_by.R’
Flavor: r-devel-macos-x86_64