CRAN Package Check Results for Package mvpd

Last updated on 2024-06-19 12:27:18 CEST.

Flavor Version Tinstall Tcheck Ttotal Status Flags
r-devel-linux-x86_64-debian-clang 0.0.4 6.26 77.76 84.02 NOTE
r-devel-linux-x86_64-debian-gcc 0.0.4 6.21 58.34 64.55 NOTE
r-devel-linux-x86_64-fedora-clang 0.0.4 105.42 NOTE
r-devel-linux-x86_64-fedora-gcc 0.0.4 100.53 NOTE
r-devel-windows-x86_64 0.0.4 7.00 72.00 79.00 NOTE
r-patched-linux-x86_64 0.0.4 8.20 73.80 82.00 NOTE
r-release-linux-x86_64 0.0.4 6.90 73.41 80.31 NOTE
r-release-macos-arm64 0.0.4 32.00 NOTE
r-release-macos-x86_64 0.0.4 48.00 NOTE
r-release-windows-x86_64 0.0.4 7.00 76.00 83.00 NOTE
r-oldrel-macos-arm64 0.0.4 40.00 OK
r-oldrel-macos-x86_64 0.0.4 84.00 OK
r-oldrel-windows-x86_64 0.0.4 9.00 91.00 100.00 OK

Check Details

Version: 0.0.4
Check: Rd files
Result: NOTE checkRd: (-1) dmvss.Rd:92: Lost braces in \itemize; \value handles \item{}{} directly checkRd: (-1) dmvss.Rd:93: Lost braces in \itemize; \value handles \item{}{} directly checkRd: (-1) dmvss.Rd:94: Lost braces in \itemize; \value handles \item{}{} directly checkRd: (-1) dmvss.Rd:95: Lost braces in \itemize; \value handles \item{}{} directly checkRd: (-1) dmvss.Rd:96: Lost braces in \itemize; \value handles \item{}{} directly checkRd: (-1) pmvss.Rd:97: Lost braces in \itemize; \value handles \item{}{} directly checkRd: (-1) pmvss.Rd:98: Lost braces in \itemize; \value handles \item{}{} directly checkRd: (-1) pmvss.Rd:99: Lost braces in \itemize; \value handles \item{}{} directly checkRd: (-1) pmvss.Rd:100: Lost braces in \itemize; \value handles \item{}{} directly checkRd: (-1) pmvss.Rd:101: Lost braces in \itemize; \value handles \item{}{} directly Flavors: r-devel-linux-x86_64-debian-clang, r-devel-linux-x86_64-debian-gcc, r-devel-linux-x86_64-fedora-clang, r-devel-linux-x86_64-fedora-gcc, r-devel-windows-x86_64, r-patched-linux-x86_64, r-release-linux-x86_64, r-release-macos-arm64, r-release-macos-x86_64, r-release-windows-x86_64