Last updated on 2023-03-20 12:51:17 CET.
Flavor | Version | Tinstall | Tcheck | Ttotal | Status | Flags |
---|---|---|---|---|---|---|
r-devel-linux-x86_64-debian-clang | 1.0-12 | NOTE | ||||
r-devel-linux-x86_64-debian-gcc | 1.0-12 | 30.47 | 139.76 | 170.23 | NOTE | |
r-devel-linux-x86_64-fedora-clang | 1.0-14 | 292.68 | OK | |||
r-devel-linux-x86_64-fedora-gcc | 1.0-14 | 285.51 | OK | |||
r-devel-windows-x86_64 | 1.0-14 | 109.00 | 372.00 | 481.00 | OK | |
r-patched-linux-x86_64 | 1.0-12 | 32.69 | 186.72 | 219.41 | OK | |
r-release-linux-x86_64 | 1.0-12 | 30.77 | 187.08 | 217.85 | OK | |
r-release-macos-arm64 | 1.0-12 | 59.00 | OK | |||
r-release-macos-x86_64 | 1.0-12 | 102.00 | OK | |||
r-release-windows-x86_64 | 1.0-12 | 52.00 | 245.00 | 297.00 | OK | |
r-oldrel-macos-arm64 | 1.0-12 | 53.00 | OK | |||
r-oldrel-macos-x86_64 | 1.0-12 | 80.00 | OK | |||
r-oldrel-windows-ix86+x86_64 | 1.0-12 | 83.00 | 341.00 | 424.00 | OK |
Version: 1.0-12
Check: C++ specification
Result: NOTE
Specified C++11: please drop specification unless essential
Flavors: r-devel-linux-x86_64-debian-clang, r-devel-linux-x86_64-debian-gcc