CRAN Package Check Results for Package mvoutlier

Last updated on 2024-02-24 12:49:24 CET.

Flavor Version Tinstall Tcheck Ttotal Status Flags
r-devel-linux-x86_64-debian-clang 2.1.1 3.86 51.22 55.08 NOTE
r-devel-linux-x86_64-debian-gcc 2.1.1 5.03 38.81 43.84 NOTE
r-devel-linux-x86_64-fedora-clang 2.1.1 69.80 NOTE
r-devel-linux-x86_64-fedora-gcc 2.1.1 66.65 NOTE
r-devel-windows-x86_64 2.1.1 6.00 63.00 69.00 NOTE
r-patched-linux-x86_64 2.1.1 7.11 49.30 56.41 NOTE
r-release-linux-x86_64 2.1.1 5.05 49.61 54.66 NOTE
r-release-macos-arm64 2.1.1 27.00 NOTE
r-release-macos-x86_64 2.1.1 37.00 NOTE
r-release-windows-x86_64 2.1.1 5.00 71.00 76.00 NOTE
r-oldrel-macos-arm64 2.1.1 24.00 OK
r-oldrel-windows-x86_64 2.1.1 8.00 73.00 81.00 OK

Check Details

Version: 2.1.1
Check: Rd files
Result: NOTE checkRd: (-1) pkb.Rd:14: Escaped LaTeX specials: \# \# \# Flavors: r-devel-linux-x86_64-debian-clang, r-devel-linux-x86_64-debian-gcc, r-devel-linux-x86_64-fedora-clang, r-devel-linux-x86_64-fedora-gcc, r-devel-windows-x86_64, r-patched-linux-x86_64, r-release-linux-x86_64, r-release-macos-arm64, r-release-macos-x86_64, r-release-windows-x86_64