Last updated on 2023-03-28 12:54:47 CEST.
Flavor | Version | Tinstall | Tcheck | Ttotal | Status | Flags |
---|---|---|---|---|---|---|
r-devel-linux-x86_64-debian-clang | 2.1.1 | 6.32 | 50.10 | 56.42 | NOTE | |
r-devel-linux-x86_64-debian-gcc | 2.1.1 | 5.16 | 38.54 | 43.70 | NOTE | |
r-devel-linux-x86_64-fedora-clang | 2.1.1 | 70.02 | NOTE | |||
r-devel-linux-x86_64-fedora-gcc | 2.1.1 | 67.40 | NOTE | |||
r-patched-linux-x86_64 | 2.1.1 | 8.07 | 49.33 | 57.40 | NOTE | |
r-release-linux-x86_64 | 2.1.1 | 6.04 | 48.87 | 54.91 | OK | |
r-release-macos-arm64 | 2.1.1 | 24.00 | OK | |||
r-release-macos-x86_64 | 2.1.1 | 31.00 | OK | |||
r-release-windows-x86_64 | 2.1.1 | 27.00 | 83.00 | 110.00 | OK | |
r-oldrel-macos-arm64 | 2.1.1 | 27.00 | OK | |||
r-oldrel-macos-x86_64 | 2.1.1 | 35.00 | OK | |||
r-oldrel-windows-ix86+x86_64 | 2.1.1 | 11.00 | 74.00 | 85.00 | OK |
Version: 2.1.1
Check: Rd files
Result: NOTE
checkRd: (-1) pkb.Rd:14: Escaped LaTeX specials: \# \# \#
Flavors: r-devel-linux-x86_64-debian-clang, r-devel-linux-x86_64-debian-gcc, r-devel-linux-x86_64-fedora-clang, r-devel-linux-x86_64-fedora-gcc, r-patched-linux-x86_64