Last updated on 2025-05-11 12:50:25 CEST.
Flavor | Version | Tinstall | Tcheck | Ttotal | Status | Flags |
---|---|---|---|---|---|---|
r-devel-linux-x86_64-debian-clang | 1.0.1 | 43.33 | 54.55 | 97.88 | NOTE | |
r-devel-linux-x86_64-debian-gcc | 1.0.1 | 30.28 | 38.19 | 68.47 | NOTE | |
r-devel-linux-x86_64-fedora-clang | 1.0.1 | 167.87 | OK | |||
r-devel-linux-x86_64-fedora-gcc | 1.0.1 | 168.58 | OK | |||
r-devel-windows-x86_64 | 1.0.1 | 52.00 | 84.00 | 136.00 | OK | |
r-patched-linux-x86_64 | 1.0.1 | 41.24 | 49.19 | 90.43 | OK | |
r-release-linux-x86_64 | 1.0.1 | 43.74 | 48.78 | 92.52 | OK | |
r-release-macos-arm64 | 1.0.1 | 48.00 | OK | |||
r-release-macos-x86_64 | 1.0.1 | 57.00 | OK | |||
r-release-windows-x86_64 | 1.0.1 | 50.00 | 79.00 | 129.00 | OK | |
r-oldrel-macos-arm64 | 1.0.1 | 40.00 | OK | |||
r-oldrel-macos-x86_64 | 1.0.1 | 51.00 | OK | |||
r-oldrel-windows-x86_64 | 1.0.1 | 60.00 | 103.00 | 163.00 | OK |
Version: 1.0.1
Check: CRAN incoming feasibility
Result: NOTE
Maintainer: ‘Hesen Li <li.hesen.21@gmail.com>’
No Authors@R field in DESCRIPTION.
Please add one, modifying
Authors@R: person(given = "Hesen",
family = "Li",
role = c("aut", "cre"),
email = "li.hesen.21@gmail.com")
as necessary.
Flavors: r-devel-linux-x86_64-debian-clang, r-devel-linux-x86_64-debian-gcc