CRAN Package Check Results for Package mvngGrAd

Last updated on 2025-05-07 21:53:53 CEST.

Flavor Version Tinstall Tcheck Ttotal Status Flags
r-devel-linux-x86_64-debian-clang 0.1.6 3.14 31.30 34.44 NOTE
r-devel-linux-x86_64-debian-gcc 0.1.6 2.09 24.67 26.76 NOTE
r-devel-linux-x86_64-fedora-clang 0.1.6 54.27 OK
r-devel-linux-x86_64-fedora-gcc 0.1.6 64.55 OK
r-devel-windows-x86_64 0.1.6 3.00 64.00 67.00 OK
r-patched-linux-x86_64 0.1.6 3.30 29.84 33.14 OK
r-release-linux-x86_64 0.1.6 3.01 30.38 33.39 OK
r-release-macos-arm64 0.1.6 27.00 OK
r-release-macos-x86_64 0.1.6 57.00 OK
r-release-windows-x86_64 0.1.6 4.00 66.00 70.00 OK
r-oldrel-macos-arm64 0.1.6 25.00 OK
r-oldrel-macos-x86_64 0.1.6 40.00 OK
r-oldrel-windows-x86_64 0.1.6 4.00 61.00 65.00 OK

Check Details

Version: 0.1.6
Check: CRAN incoming feasibility
Result: NOTE Maintainer: ‘Frank Technow <mvnggrad@fastmail.com>’ No Authors@R field in DESCRIPTION. Please add one, modifying Authors@R: person(given = "Frank", family = "Technow", role = c("aut", "cre"), email = "mvnggrad@fastmail.com") as necessary. Flavors: r-devel-linux-x86_64-debian-clang, r-devel-linux-x86_64-debian-gcc