Last updated on 2024-04-30 21:50:18 CEST.
Flavor | Version | Tinstall | Tcheck | Ttotal | Status | Flags |
---|---|---|---|---|---|---|
r-devel-linux-x86_64-debian-clang | 1.0 | 3.01 | 40.80 | 43.81 | OK | |
r-devel-linux-x86_64-debian-gcc | 1.0 | 2.63 | 29.92 | 32.55 | OK | |
r-devel-linux-x86_64-fedora-clang | 1.0 | 54.95 | NOTE | |||
r-devel-linux-x86_64-fedora-gcc | 1.0 | 54.67 | OK | |||
r-devel-windows-x86_64 | 1.0 | 4.00 | 50.00 | 54.00 | OK | |
r-patched-linux-x86_64 | 1.0 | 4.05 | 38.09 | 42.14 | OK | |
r-release-linux-x86_64 | 1.0 | 2.39 | 38.97 | 41.36 | OK | |
r-release-macos-arm64 | 1.0 | 21.00 | OK | |||
r-release-windows-x86_64 | 1.0 | 4.00 | 51.00 | 55.00 | OK | |
r-oldrel-macos-arm64 | 1.0 | 26.00 | OK | |||
r-oldrel-macos-x86_64 | 1.0 | 38.00 | OK | |||
r-oldrel-windows-x86_64 | 1.0 | 5.00 | 56.00 | 61.00 | OK |
Version: 1.0
Check: Rd cross-references
Result: NOTE
Undeclared package ‘tuneR’ in Rd xrefs
Flavor: r-devel-linux-x86_64-fedora-clang