Last updated on 2024-04-23 12:49:34 CEST.
Flavor | Version | Tinstall | Tcheck | Ttotal | Status | Flags |
---|---|---|---|---|---|---|
r-devel-linux-x86_64-debian-clang | 1.1.0 | 60.96 | 120.18 | 181.14 | NOTE | |
r-devel-linux-x86_64-debian-gcc | 1.1.0 | 50.12 | 87.06 | 137.18 | NOTE | |
r-devel-linux-x86_64-fedora-clang | 1.1.0 | 249.42 | NOTE | |||
r-devel-linux-x86_64-fedora-gcc | 1.1.0 | 252.44 | NOTE | |||
r-prerel-macos-arm64 | 1.1.0 | 67.00 | NOTE | |||
r-prerel-windows-x86_64 | 1.1.0 | 51.00 | 119.00 | 170.00 | NOTE | |
r-patched-linux-x86_64 | 1.1.0 | 64.90 | 113.42 | 178.32 | NOTE | |
r-release-linux-x86_64 | 1.1.0 | 68.37 | 112.44 | 180.81 | NOTE | |
r-release-macos-arm64 | 1.1.0 | 75.00 | NOTE | |||
r-release-macos-x86_64 | 1.1.0 | 111.00 | NOTE | |||
r-release-windows-x86_64 | 1.1.0 | 67.00 | 145.00 | 212.00 | NOTE | |
r-oldrel-macos-arm64 | 1.1.0 | 65.00 | OK | |||
r-oldrel-windows-x86_64 | 1.1.0 | 68.00 | 149.00 | 217.00 | OK |
Version: 1.1.0
Check: C++ specification
Result: NOTE
Specified C++11: please drop specification unless essential
Flavors: r-devel-linux-x86_64-debian-clang, r-devel-linux-x86_64-debian-gcc, r-devel-linux-x86_64-fedora-clang, r-devel-linux-x86_64-fedora-gcc, r-prerel-macos-arm64, r-prerel-windows-x86_64, r-patched-linux-x86_64, r-release-linux-x86_64, r-release-macos-arm64, r-release-macos-x86_64, r-release-windows-x86_64