Last updated on 2025-01-26 12:48:29 CET.
Flavor | Version | Tinstall | Tcheck | Ttotal | Status | Flags |
---|---|---|---|---|---|---|
r-devel-linux-x86_64-debian-clang | 0.1.4 | 7.53 | 147.58 | 155.11 | NOTE | |
r-devel-linux-x86_64-debian-gcc | 0.1.4 | 4.59 | 102.56 | 107.15 | NOTE | |
r-devel-linux-x86_64-fedora-clang | 0.1.4 | 255.63 | OK | |||
r-devel-linux-x86_64-fedora-gcc | 0.1.4 | 245.04 | OK | |||
r-devel-windows-x86_64 | 0.1.4 | 11.00 | 146.00 | 157.00 | NOTE | |
r-patched-linux-x86_64 | 0.1.4 | 13.98 | 134.24 | 148.22 | OK | |
r-release-linux-x86_64 | 0.1.4 | 7.11 | 134.97 | 142.08 | OK | |
r-release-macos-arm64 | 0.1.4 | 72.00 | NOTE | |||
r-release-macos-x86_64 | 0.1.4 | 103.00 | NOTE | |||
r-release-windows-x86_64 | 0.1.4 | 10.00 | 149.00 | 159.00 | NOTE | |
r-oldrel-macos-arm64 | 0.1.4 | 85.00 | NOTE | |||
r-oldrel-macos-x86_64 | 0.1.4 | 199.00 | NOTE | |||
r-oldrel-windows-x86_64 | 0.1.4 | 12.00 | 187.00 | 199.00 | NOTE |
Version: 0.1.4
Check: Rd cross-references
Result: NOTE
Found the following Rd file(s) with Rd \link{} targets missing package
anchors:
condense.Rd: unnest
Please provide package anchors for all Rd \link{} targets not in the
package itself and the base packages.
Flavors: r-devel-linux-x86_64-debian-clang, r-devel-linux-x86_64-debian-gcc, r-devel-windows-x86_64
Version: 0.1.4
Check: installed package size
Result: NOTE
installed size is 5.0Mb
sub-directories of 1Mb or more:
doc 4.3Mb
Flavors: r-release-macos-arm64, r-release-macos-x86_64, r-release-windows-x86_64, r-oldrel-macos-arm64, r-oldrel-macos-x86_64, r-oldrel-windows-x86_64