Last updated on 2024-04-30 21:50:18 CEST.
Flavor | Version | Tinstall | Tcheck | Ttotal | Status | Flags |
---|---|---|---|---|---|---|
r-devel-linux-x86_64-debian-clang | 0.1.1 | 107.47 | 56.77 | 164.24 | OK | |
r-devel-linux-x86_64-debian-gcc | 0.1.1 | 84.93 | 40.22 | 125.15 | OK | |
r-devel-linux-x86_64-fedora-clang | 0.1.1 | 235.62 | OK | |||
r-devel-linux-x86_64-fedora-gcc | 0.1.1 | 247.21 | OK | |||
r-devel-windows-x86_64 | 0.1.1 | 84.00 | 88.00 | 172.00 | OK | |
r-patched-linux-x86_64 | 0.1.1 | 105.94 | 54.23 | 160.17 | OK | |
r-release-linux-x86_64 | 0.1.1 | 120.44 | 52.40 | 172.84 | OK | |
r-release-macos-arm64 | 0.1.1 | 50.00 | OK | |||
r-release-windows-x86_64 | 0.1.1 | 85.00 | 89.00 | 174.00 | OK | |
r-oldrel-macos-arm64 | 0.1.1 | 129.00 | NOTE | |||
r-oldrel-macos-x86_64 | 0.1.1 | 62.00 | OK | |||
r-oldrel-windows-x86_64 | 0.1.1 | 98.00 | 103.00 | 201.00 | OK |
Version: 0.1.1
Check: installed package size
Result: NOTE
installed size is 5.1Mb
sub-directories of 1Mb or more:
libs 4.9Mb
Flavor: r-oldrel-macos-arm64