CRAN Package Check Results for Package multilinguer

Last updated on 2021-10-24 06:51:56 CEST.

Flavor Version Tinstall Tcheck Ttotal Status Flags
r-devel-linux-x86_64-debian-clang 0.0.4 3.52 27.50 31.02 NOTE
r-devel-linux-x86_64-debian-gcc 0.0.4 2.68 22.02 24.70 NOTE
r-devel-linux-x86_64-fedora-clang 0.0.4 48.22 NOTE
r-devel-linux-x86_64-fedora-gcc 0.0.4 37.37 NOTE
r-devel-windows-x86_64 0.0.4 7.00 51.00 58.00 NOTE
r-devel-windows-x86_64-gcc10-UCRT 0.0.4 NOTE
r-patched-linux-x86_64 0.0.4 3.62 27.01 30.63 NOTE
r-patched-solaris-x86 0.0.4 58.10 NOTE
r-release-linux-x86_64 0.0.4 2.97 26.93 29.90 NOTE
r-release-macos-arm64 0.0.4 NOTE
r-release-macos-x86_64 0.0.4 NOTE
r-release-windows-ix86+x86_64 0.0.4 6.00 44.00 50.00 NOTE
r-oldrel-macos-x86_64 0.0.4 OK
r-oldrel-windows-ix86+x86_64 0.0.4 9.00 46.00 55.00 OK

Check Details

Version: 0.0.4
Check: LazyData
Result: NOTE
     'LazyData' is specified without a 'data' directory
Flavors: r-devel-linux-x86_64-debian-clang, r-devel-linux-x86_64-debian-gcc, r-devel-linux-x86_64-fedora-clang, r-devel-linux-x86_64-fedora-gcc, r-devel-windows-x86_64, r-devel-windows-x86_64-gcc10-UCRT, r-patched-linux-x86_64, r-patched-solaris-x86, r-release-linux-x86_64, r-release-macos-arm64, r-release-macos-x86_64, r-release-windows-ix86+x86_64