Last updated on 2021-02-27 12:49:32 CET.
Flavor | Version | Tinstall | Tcheck | Ttotal | Status | Flags |
---|---|---|---|---|---|---|
r-devel-linux-x86_64-debian-clang | 2.0.0 | 2.01 | 20.52 | 22.53 | OK | |
r-devel-linux-x86_64-debian-gcc | 2.0.0 | 1.52 | 16.59 | 18.11 | OK | |
r-devel-linux-x86_64-fedora-clang | 2.0.0 | 38.36 | OK | |||
r-devel-linux-x86_64-fedora-gcc | 2.0.0 | 28.66 | OK | |||
r-devel-windows-ix86+x86_64 | 1.3.0 | 5.00 | 37.00 | 42.00 | OK | |
r-patched-linux-x86_64 | 2.0.0 | 1.97 | 20.36 | 22.33 | OK | |
r-patched-solaris-x86 | 2.0.0 | 41.70 | OK | |||
r-release-linux-x86_64 | 2.0.0 | 2.08 | 20.05 | 22.13 | OK | |
r-release-macos-x86_64 | 2.0.0 | OK | ||||
r-release-windows-ix86+x86_64 | 1.3.0 | 9.00 | 7.00 | 16.00 | ERROR | |
r-oldrel-macos-x86_64 | 2.0.0 | OK | ||||
r-oldrel-windows-ix86+x86_64 | 1.3.0 | 4.00 | 46.00 | 50.00 | OK |
Version: 1.3.0
Check: whether package can be installed
Result: ERROR
Installation failed.
*
Flavor: r-release-windows-ix86+x86_64