Last updated on 2024-04-20 12:51:05 CEST.
Flavor | Version | Tinstall | Tcheck | Ttotal | Status | Flags |
---|---|---|---|---|---|---|
r-devel-linux-x86_64-debian-clang | 1.2.0 | 22.36 | 383.34 | 405.70 | NOTE | |
r-devel-linux-x86_64-debian-gcc | 1.2.0 | 17.67 | 255.12 | 272.79 | NOTE | |
r-devel-linux-x86_64-fedora-clang | 1.2.0 | 492.65 | NOTE | |||
r-devel-linux-x86_64-fedora-gcc | 1.2.0 | 476.02 | NOTE | |||
r-prerel-macos-arm64 | 1.2.0 | 110.00 | NOTE | |||
r-prerel-windows-x86_64 | 1.2.0 | 22.00 | 237.00 | 259.00 | NOTE | |
r-patched-linux-x86_64 | 1.2.0 | 18.95 | 353.86 | 372.81 | NOTE | |
r-release-linux-x86_64 | 1.2.0 | 20.69 | 373.15 | 393.84 | NOTE | |
r-release-macos-arm64 | 1.2.0 | 134.00 | NOTE | |||
r-release-macos-x86_64 | 1.2.0 | 223.00 | NOTE | |||
r-release-windows-x86_64 | 1.2.0 | 25.00 | 331.00 | 356.00 | NOTE | |
r-oldrel-macos-arm64 | 1.2.0 | 141.00 | OK | |||
r-oldrel-windows-x86_64 | 1.2.0 | 25.00 | 320.00 | 345.00 | OK |
Version: 1.2.0
Check: C++ specification
Result: NOTE
Specified C++11: please drop specification unless essential
Flavors: r-devel-linux-x86_64-debian-clang, r-devel-linux-x86_64-debian-gcc, r-devel-linux-x86_64-fedora-clang, r-devel-linux-x86_64-fedora-gcc, r-prerel-macos-arm64, r-prerel-windows-x86_64, r-patched-linux-x86_64, r-release-linux-x86_64, r-release-macos-arm64, r-release-macos-x86_64, r-release-windows-x86_64