CRAN Package Check Results for Package multiRDPG

Last updated on 2025-02-04 03:49:55 CET.

Flavor Version Tinstall Tcheck Ttotal Status Flags
r-devel-linux-x86_64-debian-clang 1.0.1 1.96 19.96 21.92 NOTE
r-devel-linux-x86_64-debian-gcc 1.0.1 1.52 15.97 17.49 NOTE
r-devel-linux-x86_64-fedora-clang 1.0.1 36.19 NOTE
r-devel-linux-x86_64-fedora-gcc 1.0.1 33.44 NOTE
r-devel-windows-x86_64 1.0.1 4.00 41.00 45.00 NOTE
r-patched-linux-x86_64 1.0.1 1.96 20.08 22.04 NOTE
r-release-linux-x86_64 1.0.1 1.41 19.10 20.51 NOTE
r-release-macos-arm64 1.0.1 15.00 NOTE
r-release-macos-x86_64 1.0.1 23.00 NOTE
r-release-windows-x86_64 1.0.1 2.00 39.00 41.00 NOTE
r-oldrel-macos-arm64 1.0.1 16.00 NOTE
r-oldrel-macos-x86_64 1.0.1 20.00 NOTE
r-oldrel-windows-x86_64 1.0.1 4.00 39.00 43.00 NOTE

Check Details

Version: 1.0.1
Check: Rd files
Result: NOTE checkRd: (-1) nullestimation.Rd:17: Lost braces; missing escapes or markup? 17 | \code{U} \tab The common latent space vectors. U in R^{n x d}\cr | ^ Flavors: r-devel-linux-x86_64-debian-clang, r-devel-linux-x86_64-debian-gcc, r-devel-linux-x86_64-fedora-clang, r-devel-linux-x86_64-fedora-gcc, r-devel-windows-x86_64, r-patched-linux-x86_64, r-release-linux-x86_64, r-release-macos-arm64, r-release-macos-x86_64, r-release-windows-x86_64

Version: 1.0.1
Check: LazyData
Result: NOTE 'LazyData' is specified without a 'data' directory Flavors: r-patched-linux-x86_64, r-release-linux-x86_64, r-release-macos-arm64, r-release-macos-x86_64, r-release-windows-x86_64, r-oldrel-macos-arm64, r-oldrel-macos-x86_64, r-oldrel-windows-x86_64