CRAN Package Check Results for Package multiPIM

Last updated on 2020-08-08 12:49:09 CEST.

Flavor Version Tinstall Tcheck Ttotal Status Flags
r-devel-linux-x86_64-debian-clang 1.4-3 9.16 75.01 84.17 NOTE
r-devel-linux-x86_64-debian-gcc 1.4-3 7.85 58.01 65.86 NOTE
r-devel-linux-x86_64-fedora-clang 1.4-3 109.43 NOTE
r-devel-linux-x86_64-fedora-gcc 1.4-3 98.75 NOTE
r-devel-windows-ix86+x86_64 1.4-3 22.00 111.00 133.00 NOTE
r-patched-linux-x86_64 1.4-3 9.16 73.59 82.75 NOTE
r-patched-solaris-x86 1.4-3 154.40 NOTE
r-release-linux-x86_64 1.4-3 8.97 73.77 82.74 NOTE
r-release-macos-x86_64 1.4-3 NOTE
r-release-windows-ix86+x86_64 1.4-3 22.00 111.00 133.00 NOTE
r-oldrel-macos-x86_64 1.4-3 NOTE
r-oldrel-windows-ix86+x86_64 1.4-3 14.00 104.00 118.00 NOTE

Check Details

Version: 1.4-3
Check: R code for possible problems
Result: NOTE
    multiPIM : expand.factors: no visible global function definition for
     'formula'
    multiPIM : expand.factors: no visible global function definition for
     'model.matrix'
    multiPIM : <anonymous>: no visible global function definition for 'glm'
    multiPIM : <anonymous>: no visible binding for global variable
     'binomial'
    multiPIM : <anonymous>: no visible global function definition for
     'qlogis'
    multiPIM : <anonymous>: no visible global function definition for
     'as.formula'
    multiPIM : <anonymous>: no visible global function definition for 'lm'
    multiPIM: no visible global function definition for 'glm'
    multiPIM: no visible global function definition for 'qlogis'
    multiPIM: no visible binding for global variable 'binomial'
    multiPIM: no visible global function definition for 'plogis'
    multiPIM: no visible global function definition for 'sd'
    multiPIM: no visible global function definition for 'lm'
    summary.multiPIM: no visible binding for global variable 'sd'
    summary.multiPIM: no visible global function definition for 'pnorm'
    Undefined global functions or variables:
     as.formula binomial formula glm lm model.matrix plogis pnorm qlogis
     sd
    Consider adding
     importFrom("stats", "as.formula", "binomial", "formula", "glm", "lm",
     "model.matrix", "plogis", "pnorm", "qlogis", "sd")
    to your NAMESPACE file.
Flavors: r-devel-linux-x86_64-debian-clang, r-devel-linux-x86_64-debian-gcc, r-devel-linux-x86_64-fedora-clang, r-devel-linux-x86_64-fedora-gcc, r-devel-windows-ix86+x86_64, r-patched-linux-x86_64, r-patched-solaris-x86, r-release-linux-x86_64, r-release-macos-x86_64, r-release-windows-ix86+x86_64, r-oldrel-macos-x86_64, r-oldrel-windows-ix86+x86_64