CRAN Package Check Results for Package multiApply

Last updated on 2022-12-09 21:53:50 CET.

Flavor Version Tinstall Tcheck Ttotal Status Flags
r-devel-linux-x86_64-debian-clang 2.1.3 3.44 35.84 39.28 NOTE
r-devel-linux-x86_64-debian-gcc 2.1.3 2.92 29.60 32.52 NOTE
r-devel-linux-x86_64-fedora-clang 2.1.3 58.80 NOTE
r-devel-linux-x86_64-fedora-gcc 2.1.3 56.32 NOTE
r-devel-windows-x86_64 2.1.3 14.00 70.00 84.00 NOTE
r-patched-linux-x86_64 2.1.3 2.94 32.45 35.39 NOTE
r-release-linux-x86_64 2.1.3 3.82 33.23 37.05 NOTE
r-release-macos-arm64 2.1.3 18.00 NOTE
r-release-macos-x86_64 2.1.3 25.00 NOTE
r-release-windows-x86_64 2.1.3 7.00 65.00 72.00 NOTE
r-oldrel-macos-arm64 2.1.3 28.00 NOTE
r-oldrel-macos-x86_64 2.1.3 32.00 NOTE
r-oldrel-windows-ix86+x86_64 2.1.3 8.00 61.00 69.00 NOTE

Check Details

Version: 2.1.3
Check: LazyData
Result: NOTE
     'LazyData' is specified without a 'data' directory
Flavors: r-devel-linux-x86_64-debian-clang, r-devel-linux-x86_64-debian-gcc, r-devel-linux-x86_64-fedora-clang, r-devel-linux-x86_64-fedora-gcc, r-devel-windows-x86_64, r-patched-linux-x86_64, r-release-linux-x86_64, r-release-macos-arm64, r-release-macos-x86_64, r-release-windows-x86_64, r-oldrel-macos-arm64, r-oldrel-macos-x86_64, r-oldrel-windows-ix86+x86_64