CRAN Package Check Results for Package multfisher

Last updated on 2025-07-25 06:49:38 CEST.

Flavor Version Tinstall Tcheck Ttotal Status Flags
r-devel-linux-x86_64-debian-clang 1.1 2.70 25.39 28.09 NOTE
r-devel-linux-x86_64-debian-gcc 1.1 1.90 19.25 21.15 NOTE
r-devel-linux-x86_64-fedora-clang 1.1 47.66 OK
r-devel-linux-x86_64-fedora-gcc 1.1 41.90 OK
r-devel-windows-x86_64 1.1 4.00 44.00 48.00 OK
r-patched-linux-x86_64 1.1 2.52 23.62 26.14 OK
r-release-linux-x86_64 1.1 2.18 23.87 26.05 OK
r-release-macos-arm64 1.1 20.00 OK
r-release-macos-x86_64 1.1 49.00 OK
r-release-windows-x86_64 1.1 4.00 46.00 50.00 OK
r-oldrel-macos-arm64 1.1 15.00 NOTE
r-oldrel-macos-x86_64 1.1 49.00 NOTE
r-oldrel-windows-x86_64 1.1 3.00 43.00 46.00 NOTE

Check Details

Version: 1.1
Check: CRAN incoming feasibility
Result: NOTE Maintainer: ‘Robin Ristl <robin.ristl@meduniwien.ac.at>’ Package CITATION file contains call(s) to old-style personList() or as.personList(). Please use c() on person objects instead. Package CITATION file contains call(s) to old-style citEntry(). Please use bibentry() instead. Flavors: r-devel-linux-x86_64-debian-clang, r-devel-linux-x86_64-debian-gcc

Version: 1.1
Check: LazyData
Result: NOTE 'LazyData' is specified without a 'data' directory Flavors: r-oldrel-macos-arm64, r-oldrel-macos-x86_64, r-oldrel-windows-x86_64