CRAN Package Check Results for Package mudata2

Last updated on 2022-01-24 06:48:58 CET.

Flavor Version Tinstall Tcheck Ttotal Status Flags
r-devel-linux-x86_64-debian-clang 1.1.2 7.73 149.81 157.54 OK
r-devel-linux-x86_64-debian-gcc 1.1.2 5.98 111.41 117.39 OK
r-devel-linux-x86_64-fedora-clang 1.1.2 187.56 NOTE
r-devel-linux-x86_64-fedora-gcc 1.1.2 170.37 NOTE
r-devel-windows-x86_64-new-UL 1.1.2 73.00 182.00 255.00 OK
r-devel-windows-x86_64-new-TK 1.1.2 NOTE
r-patched-linux-x86_64 1.1.2 5.77 143.82 149.59 OK
r-release-linux-x86_64 1.1.2 4.98 141.72 146.70 OK
r-release-macos-arm64 1.1.2 NOTE
r-release-macos-x86_64 1.1.2 NOTE
r-release-windows-ix86+x86_64 1.1.2 18.00 174.00 192.00 OK
r-oldrel-macos-x86_64 1.1.2 NOTE
r-oldrel-windows-ix86+x86_64 1.1.2 17.00 181.00 198.00 OK

Check Details

Version: 1.1.2
Check: dependencies in R code
Result: NOTE
    Namespace in Imports field not imported from: ‘ggplot2’
     All declared Imports should be used.
Flavors: r-devel-linux-x86_64-fedora-clang, r-devel-linux-x86_64-fedora-gcc, r-devel-windows-x86_64-new-TK, r-release-macos-arm64, r-release-macos-x86_64, r-oldrel-macos-x86_64