CRAN Package Check Results for Package muRty

Last updated on 2022-01-26 06:50:21 CET.

Flavor Version Tinstall Tcheck Ttotal Status Flags
r-devel-linux-x86_64-debian-clang 0.3.1 2.06 36.55 38.61 NOTE
r-devel-linux-x86_64-debian-gcc 0.3.1 2.33 28.23 30.56 NOTE
r-devel-linux-x86_64-fedora-clang 0.3.1 49.26 NOTE
r-devel-linux-x86_64-fedora-gcc 0.3.1 37.25 NOTE
r-devel-windows-x86_64-new-UL 0.3.1 19.00 61.00 80.00 NOTE
r-devel-windows-x86_64-new-TK 0.3.1 NOTE
r-patched-linux-x86_64 0.3.1 2.70 34.71 37.41 NOTE
r-release-linux-x86_64 0.3.1 2.31 34.58 36.89 NOTE
r-release-macos-arm64 0.3.1 NOTE
r-release-macos-x86_64 0.3.1 NOTE
r-release-windows-ix86+x86_64 0.3.1 6.00 46.00 52.00 NOTE
r-oldrel-macos-x86_64 0.3.1 OK
r-oldrel-windows-ix86+x86_64 0.3.1 6.00 46.00 52.00 OK

Check Details

Version: 0.3.1
Check: LazyData
Result: NOTE
     'LazyData' is specified without a 'data' directory
Flavors: r-devel-linux-x86_64-debian-clang, r-devel-linux-x86_64-debian-gcc, r-devel-linux-x86_64-fedora-clang, r-devel-linux-x86_64-fedora-gcc, r-devel-windows-x86_64-new-UL, r-devel-windows-x86_64-new-TK, r-patched-linux-x86_64, r-release-linux-x86_64, r-release-macos-arm64, r-release-macos-x86_64, r-release-windows-ix86+x86_64