Last updated on 2024-04-25 15:48:04 CEST.
Flavor | Version | Tinstall | Tcheck | Ttotal | Status | Flags |
---|---|---|---|---|---|---|
r-devel-linux-x86_64-debian-clang | 0.1.8 | 8.08 | 103.99 | 112.07 | NOTE | |
r-devel-linux-x86_64-debian-gcc | 0.1.8 | 5.82 | 75.86 | 81.68 | NOTE | |
r-devel-linux-x86_64-fedora-clang | 0.1.8 | 137.37 | NOTE | |||
r-devel-linux-x86_64-fedora-gcc | 0.1.8 | 140.95 | NOTE | |||
r-devel-windows-x86_64 | 0.1.8 | 8.00 | 89.00 | 97.00 | NOTE | |
r-patched-linux-x86_64 | 0.1.8 | 5.67 | 96.33 | 102.00 | NOTE | |
r-release-linux-x86_64 | 0.1.8 | 6.87 | 93.57 | 100.44 | OK | |
r-release-macos-arm64 | 0.1.8 | 48.00 | NOTE | |||
r-release-windows-x86_64 | 0.1.8 | 7.00 | 86.00 | 93.00 | NOTE | |
r-oldrel-macos-arm64 | 0.1.8 | 51.00 | OK | |||
r-oldrel-macos-x86_64 | 0.1.8 | 66.00 | OK | |||
r-oldrel-windows-x86_64 | 0.1.8 | 9.00 | 104.00 | 113.00 | OK |
Version: 0.1.8
Check: Rd files
Result: NOTE
checkRd: (-1) time_plot_event.Rd:12: Lost braces in \itemize; meant \describe ?
checkRd: (-1) time_plot_event.Rd:13: Lost braces in \itemize; meant \describe ?
checkRd: (-1) time_plot_event.Rd:14: Lost braces in \itemize; meant \describe ?
checkRd: (-1) time_plot_event.Rd:15: Lost braces in \itemize; meant \describe ?
checkRd: (-1) time_plot_event.Rd:16: Lost braces in \itemize; meant \describe ?
checkRd: (-1) time_plot_event.Rd:17: Lost braces in \itemize; meant \describe ?
checkRd: (-1) time_plot_event.Rd:18: Lost braces in \itemize; meant \describe ?
checkRd: (-1) time_plot_event.Rd:19: Lost braces in \itemize; meant \describe ?
checkRd: (-1) time_plot_interval.Rd:19: Lost braces in \itemize; meant \describe ?
checkRd: (-1) time_plot_interval.Rd:20: Lost braces in \itemize; meant \describe ?
checkRd: (-1) time_plot_interval.Rd:21: Lost braces in \itemize; meant \describe ?
checkRd: (-1) time_plot_interval.Rd:22: Lost braces in \itemize; meant \describe ?
checkRd: (-1) time_plot_interval.Rd:23: Lost braces in \itemize; meant \describe ?
Flavors: r-devel-linux-x86_64-debian-clang, r-devel-linux-x86_64-debian-gcc, r-devel-linux-x86_64-fedora-clang, r-devel-linux-x86_64-fedora-gcc, r-devel-windows-x86_64, r-patched-linux-x86_64, r-release-macos-arm64, r-release-windows-x86_64